{"id":110,"date":"2024-04-03T10:06:20","date_gmt":"2024-04-03T13:06:20","guid":{"rendered":"https:\/\/portais.santoandre.sp.gov.br\/educacao\/?page_id=110"},"modified":"2026-04-16T09:09:44","modified_gmt":"2026-04-16T12:09:44","slug":"escolas-particulares","status":"publish","type":"page","link":"https:\/\/portais.santoandre.sp.gov.br\/educacao\/escolas-particulares\/","title":{"rendered":"Escolas Particulares"},"content":{"rendered":"\n<p class=\"has-black-color has-text-color\"><strong>Lista completa das Escolas Particulares de Educa\u00e7\u00e3o Infantil de Santo Andr\u00e9.<\/strong><\/p>\n\n\n\n<p><strong><a href=\"https:\/\/portais.santoandre.sp.gov.br\/educacao\/wp-content\/uploads\/sites\/17\/2026\/04\/Lista-Escolas-Particulares-Autorizadas-Publicacao-Site_Atualizacao_15042026.1.pdf\">Clique aqui para ver a lista!<\/a><\/strong><\/p>\n\n\n\n<hr class=\"wp-block-separator has-alpha-channel-opacity\" \/>\n\n\n\n<p class=\"has-black-color has-text-color\">Total de Escolas Particulares Ativas Autorizadas:&nbsp;<strong>102<\/strong><\/p>\n\n\n\n<p class=\"has-black-color has-text-color\">Data de Atualiza\u00e7\u00e3o:<strong>&nbsp;15\/04\/2026<\/strong><\/p>\n\n\n\n<hr class=\"wp-block-separator has-alpha-channel-opacity\" \/>\n\n\n\n<p><\/p>\n","protected":false},"excerpt":{"rendered":"<p>Lista completa das Escolas Particulares de Educa\u00e7\u00e3o Infantil de Santo Andr\u00e9. Clique aqui para ver a lista! Total de Escolas Particulares Ativas Autorizadas:&nbsp;102 Data de Atualiza\u00e7\u00e3o:&nbsp;15\/04\/2026<\/p>\n","protected":false},"author":50,"featured_media":0,"parent":0,"menu_order":0,"comment_status":"closed","ping_status":"open","template":"","meta":{"footnotes":""},"class_list":["post-110","page","type-page","status-publish","hentry"],"_links":{"self":[{"href":"https:\/\/portais.santoandre.sp.gov.br\/educacao\/wp-json\/wp\/v2\/pages\/110","targetHints":{"allow":["GET"]}}],"collection":[{"href":"https:\/\/portais.santoandre.sp.gov.br\/educacao\/wp-json\/wp\/v2\/pages"}],"about":[{"href":"https:\/\/portais.santoandre.sp.gov.br\/educacao\/wp-json\/wp\/v2\/types\/page"}],"author":[{"embeddable":true,"href":"https:\/\/portais.santoandre.sp.gov.br\/educacao\/wp-json\/wp\/v2\/users\/50"}],"replies":[{"embeddable":true,"href":"https:\/\/portais.santoandre.sp.gov.br\/educacao\/wp-json\/wp\/v2\/comments?post=110"}],"version-history":[{"count":15,"href":"https:\/\/portais.santoandre.sp.gov.br\/educacao\/wp-json\/wp\/v2\/pages\/110\/revisions"}],"predecessor-version":[{"id":12912,"href":"https:\/\/portais.santoandre.sp.gov.br\/educacao\/wp-json\/wp\/v2\/pages\/110\/revisions\/12912"}],"wp:attachment":[{"href":"https:\/\/portais.santoandre.sp.gov.br\/educacao\/wp-json\/wp\/v2\/media?parent=110"}],"curies":[{"name":"wp","href":"https:\/\/api.w.org\/{rel}","templated":true}]}}