{"id":3654,"date":"2026-02-19T14:45:03","date_gmt":"2026-02-19T17:45:03","guid":{"rendered":"https:\/\/portais.santoandre.sp.gov.br\/defesacivil\/?page_id=3654"},"modified":"2026-03-02T16:35:56","modified_gmt":"2026-03-02T19:35:56","slug":"plano-familiar-de-emergencia","status":"publish","type":"page","link":"https:\/\/portais.santoandre.sp.gov.br\/defesacivil\/plano-familiar-de-emergencia\/","title":{"rendered":"PLANO FAMILIAR DE EMERG\u00caNCIA"},"content":{"rendered":"\t\t<div data-elementor-type=\"wp-page\" data-elementor-id=\"3654\" class=\"elementor elementor-3654\" data-elementor-post-type=\"page\">\n\t\t\t\t\t\t<section class=\"elementor-section elementor-top-section elementor-element elementor-element-7720984 elementor-section-boxed elementor-section-height-default elementor-section-height-default\" data-id=\"7720984\" data-element_type=\"section\" data-e-type=\"section\">\n\t\t\t\t\t\t<div class=\"elementor-container elementor-column-gap-default\">\n\t\t\t\t\t<div class=\"elementor-column elementor-col-100 elementor-top-column elementor-element elementor-element-1b6d2b9\" data-id=\"1b6d2b9\" data-element_type=\"column\" data-e-type=\"column\">\n\t\t\t<div class=\"elementor-widget-wrap elementor-element-populated\">\n\t\t\t\t\t\t<div class=\"elementor-element elementor-element-785ce4f elementor-widget elementor-widget-text-editor\" data-id=\"785ce4f\" data-element_type=\"widget\" data-e-type=\"widget\" data-widget_type=\"text-editor.default\">\n\t\t\t\t<div class=\"elementor-widget-container\">\n\t\t\t\t\t\t\t\t\t<p>Desastres acontecem sem aviso pr\u00e9vio, podendo causar s\u00e9rios danos sociais, ambientais e f\u00edsicos. Para prevenir e amenizar esses impactos, \u00e9 preciso conhecer bem a sua comunidade, saber quais tipos de desastres naturais podem ocorrer, quais s\u00e3o as melhores rotas de fugas e quem voc\u00ea deve procurar em situa\u00e7\u00e3o de emerg\u00eancia.<\/p><p>Toda vez que voc\u00ea se mudar, aprenda os tipos de emerg\u00eancias que provavelmente afetar\u00e3o a \u00e1rea e, se necess\u00e1rio, atualize o seu kit de emerg\u00eancia e o seu plano.<\/p>\t\t\t\t\t\t\t\t<\/div>\n\t\t\t\t<\/div>\n\t\t\t\t\t<\/div>\n\t\t<\/div>\n\t\t\t\t\t<\/div>\n\t\t<\/section>\n\t\t\t\t<section class=\"elementor-section elementor-top-section elementor-element elementor-element-f605896 elementor-section-boxed elementor-section-height-default elementor-section-height-default\" data-id=\"f605896\" data-element_type=\"section\" data-e-type=\"section\">\n\t\t\t\t\t\t<div class=\"elementor-container elementor-column-gap-default\">\n\t\t\t\t\t<div class=\"elementor-column elementor-col-100 elementor-top-column elementor-element elementor-element-3e307c2\" data-id=\"3e307c2\" data-element_type=\"column\" data-e-type=\"column\">\n\t\t\t<div class=\"elementor-widget-wrap elementor-element-populated\">\n\t\t\t\t\t\t<div class=\"elementor-element elementor-element-8e95e89 elementor-widget elementor-widget-heading\" data-id=\"8e95e89\" data-element_type=\"widget\" data-e-type=\"widget\" data-widget_type=\"heading.default\">\n\t\t\t\t<div class=\"elementor-widget-container\">\n\t\t\t\t\t<h2 class=\"elementor-heading-title elementor-size-default\">MONTE SEU KIT DE EMERG\u00caNCIA<\/h2>\t\t\t\t<\/div>\n\t\t\t\t<\/div>\n\t\t\t\t\t<\/div>\n\t\t<\/div>\n\t\t\t\t\t<\/div>\n\t\t<\/section>\n\t\t\t\t<section class=\"elementor-section elementor-top-section elementor-element elementor-element-e242a33 elementor-section-boxed elementor-section-height-default elementor-section-height-default\" data-id=\"e242a33\" data-element_type=\"section\" data-e-type=\"section\">\n\t\t\t\t\t\t<div class=\"elementor-container elementor-column-gap-default\">\n\t\t\t\t\t<div class=\"elementor-column elementor-col-100 elementor-top-column elementor-element elementor-element-794eec4\" data-id=\"794eec4\" data-element_type=\"column\" data-e-type=\"column\">\n\t\t\t<div class=\"elementor-widget-wrap elementor-element-populated\">\n\t\t\t\t\t\t<div class=\"elementor-element elementor-element-4743509 elementor-widget elementor-widget-text-editor\" data-id=\"4743509\" data-element_type=\"widget\" data-e-type=\"widget\" data-widget_type=\"text-editor.default\">\n\t\t\t\t<div class=\"elementor-widget-container\">\n\t\t\t\t\t\t\t\t\t<ul><li>Armazene \u00e1gua pot\u00e1vel e alimentos n\u00e3o perec\u00edveis para tr\u00eas dias, roupas, cal\u00e7ados, rem\u00e9dios e equipamentos m\u00e9dicos prescritos e suprimentos para seus animais de estima\u00e7\u00e3o;<\/li><li>Mantenha lanternas em locais de f\u00e1cil acesso, assim como documentos embalados em sacos pl\u00e1sticos;<\/li><li>Tenha baterias extras e dispositivos de carregamento para telefones e outros equipamentos;<\/li><li>Crie uma lista com informa\u00e7\u00f5es de contatos importantes, como hospitais, m\u00e9dicos, escolas e provedores de servi\u00e7o. Certifique-se de que todos os membros tenham uma c\u00f3pia.<\/li><li>A cada seis meses, certifique-se que os itens do kit n\u00e3o passaram da validade.<\/li><\/ul>\t\t\t\t\t\t\t\t<\/div>\n\t\t\t\t<\/div>\n\t\t\t\t\t<\/div>\n\t\t<\/div>\n\t\t\t\t\t<\/div>\n\t\t<\/section>\n\t\t\t\t<section class=\"elementor-section elementor-top-section elementor-element elementor-element-7719718 elementor-section-boxed elementor-section-height-default elementor-section-height-default\" data-id=\"7719718\" data-element_type=\"section\" data-e-type=\"section\">\n\t\t\t\t\t\t<div class=\"elementor-container elementor-column-gap-default\">\n\t\t\t\t\t<div class=\"elementor-column elementor-col-100 elementor-top-column elementor-element elementor-element-7533d67\" data-id=\"7533d67\" data-element_type=\"column\" data-e-type=\"column\">\n\t\t\t<div class=\"elementor-widget-wrap elementor-element-populated\">\n\t\t\t\t\t\t<div class=\"elementor-element elementor-element-6519c2c elementor-widget elementor-widget-heading\" data-id=\"6519c2c\" data-element_type=\"widget\" data-e-type=\"widget\" data-widget_type=\"heading.default\">\n\t\t\t\t<div class=\"elementor-widget-container\">\n\t\t\t\t\t<h2 class=\"elementor-heading-title elementor-size-default\">Lembre-se desses fatores ao<br>desenvolver seu plano<\/h2>\t\t\t\t<\/div>\n\t\t\t\t<\/div>\n\t\t\t\t\t<\/div>\n\t\t<\/div>\n\t\t\t\t\t<\/div>\n\t\t<\/section>\n\t\t\t\t<section class=\"elementor-section elementor-top-section elementor-element elementor-element-2b48035 elementor-section-boxed elementor-section-height-default elementor-section-height-default\" data-id=\"2b48035\" data-element_type=\"section\" data-e-type=\"section\">\n\t\t\t\t\t\t<div class=\"elementor-container elementor-column-gap-default\">\n\t\t\t\t\t<div class=\"elementor-column elementor-col-100 elementor-top-column elementor-element elementor-element-8df565a\" data-id=\"8df565a\" data-element_type=\"column\" data-e-type=\"column\">\n\t\t\t<div class=\"elementor-widget-wrap elementor-element-populated\">\n\t\t\t\t\t\t<div class=\"elementor-element elementor-element-2c65a76 elementor-widget elementor-widget-text-editor\" data-id=\"2c65a76\" data-element_type=\"widget\" data-e-type=\"widget\" data-widget_type=\"text-editor.default\">\n\t\t\t\t<div class=\"elementor-widget-container\">\n\t\t\t\t\t\t\t\t\t<ul class=\"wp-block-list\"><li>Ensine a sua fam\u00edlia a desligar registros de \u00e1gua, luz e g\u00e1s;<\/li><li>Ensine as crian\u00e7as a ligarem para os n\u00fameros de emerg\u00eancia;<\/li><li>Se houver na fam\u00edlia pessoas com necessidades especiais, assegure-se que todas as sa\u00eddas de emerg\u00eancia sejam acess\u00edveis;<\/li><li>Utilize as rotas de fuga determinadas pela Defesa Civil;<\/li><li>Se algu\u00e9m fizer uso de equipamento m\u00e9dico que exija eletricidade, converse com o m\u00e9dico ou profissional de sa\u00fade sobre como proceder durante uma queda de energia;<\/li><li>Como um desastre pode ocorrer no hor\u00e1rio de escola e de trabalho, \u00e9 importante conhecer os planos de resposta a emerg\u00eancias desses locais. Discuta esses planos com as crian\u00e7as e deixe-as saber quem poderia busc\u00e1-las nesses casos;<\/li><li>Certifique-se quea sua fam\u00edlia est\u00e1 inscrita no n\u00famero 40199 para receber gratuitamente os alertas da Defesa Civil Estadual, em casos de chuvas fortes, vendavais, enchentes e deslizamentos, entre outros;<\/li><li>Defina um lugar seguro onde sua fam\u00edlia possa se abrigar ou se reunir ap\u00f3s um desastre, como uma biblioteca, centro comunit\u00e1rio, igreja, casa de um familiar ou de um amigo. Certifique-se que esse local seja acess\u00edvel a membros da fam\u00edlia com defici\u00eancia ou necessidades funcionais e que todos saibam o trajeto para chegar ao endere\u00e7o escolhido;<\/li><li>A cada seis meses, reveja o seu plano de emerg\u00eancia e fa\u00e7a simula\u00e7\u00e3o das rotas de fuga.<\/li><\/ul>\t\t\t\t\t\t\t\t<\/div>\n\t\t\t\t<\/div>\n\t\t\t\t\t<\/div>\n\t\t<\/div>\n\t\t\t\t\t<\/div>\n\t\t<\/section>\n\t\t\t\t<\/div>\n\t\t","protected":false},"excerpt":{"rendered":"<p>Desastres acontecem sem aviso pr\u00e9vio, podendo causar s\u00e9rios danos sociais, ambientais e f\u00edsicos. Para prevenir e amenizar esses impactos, \u00e9 preciso conhecer bem a sua comunidade, saber quais tipos de desastres naturais podem ocorrer, quais s\u00e3o as melhores rotas de fugas e quem voc\u00ea deve procurar em situa\u00e7\u00e3o de emerg\u00eancia. Toda vez que voc\u00ea se [&hellip;]<\/p>\n","protected":false},"author":92,"featured_media":0,"parent":0,"menu_order":0,"comment_status":"closed","ping_status":"closed","template":"","meta":{"footnotes":""},"class_list":["post-3654","page","type-page","status-publish","hentry"],"_links":{"self":[{"href":"https:\/\/portais.santoandre.sp.gov.br\/defesacivil\/wp-json\/wp\/v2\/pages\/3654","targetHints":{"allow":["GET"]}}],"collection":[{"href":"https:\/\/portais.santoandre.sp.gov.br\/defesacivil\/wp-json\/wp\/v2\/pages"}],"about":[{"href":"https:\/\/portais.santoandre.sp.gov.br\/defesacivil\/wp-json\/wp\/v2\/types\/page"}],"author":[{"embeddable":true,"href":"https:\/\/portais.santoandre.sp.gov.br\/defesacivil\/wp-json\/wp\/v2\/users\/92"}],"replies":[{"embeddable":true,"href":"https:\/\/portais.santoandre.sp.gov.br\/defesacivil\/wp-json\/wp\/v2\/comments?post=3654"}],"version-history":[{"count":17,"href":"https:\/\/portais.santoandre.sp.gov.br\/defesacivil\/wp-json\/wp\/v2\/pages\/3654\/revisions"}],"predecessor-version":[{"id":4351,"href":"https:\/\/portais.santoandre.sp.gov.br\/defesacivil\/wp-json\/wp\/v2\/pages\/3654\/revisions\/4351"}],"wp:attachment":[{"href":"https:\/\/portais.santoandre.sp.gov.br\/defesacivil\/wp-json\/wp\/v2\/media?parent=3654"}],"curies":[{"name":"wp","href":"https:\/\/api.w.org\/{rel}","templated":true}]}}