{"id":2929,"date":"2026-02-20T09:33:20","date_gmt":"2026-02-20T12:33:20","guid":{"rendered":"https:\/\/portais.santoandre.sp.gov.br\/defesacivil\/?page_id=2929"},"modified":"2026-02-20T12:29:44","modified_gmt":"2026-02-20T15:29:44","slug":"legislacao","status":"publish","type":"page","link":"https:\/\/portais.santoandre.sp.gov.br\/defesacivil\/legislacao\/","title":{"rendered":"Legisla\u00e7\u00e3o"},"content":{"rendered":"\t\t<div data-elementor-type=\"wp-page\" data-elementor-id=\"2929\" class=\"elementor elementor-2929\" data-elementor-post-type=\"page\">\n\t\t\t\t\t\t<section class=\"elementor-section elementor-top-section elementor-element elementor-element-4abf28e elementor-section-boxed elementor-section-height-default elementor-section-height-default\" data-id=\"4abf28e\" data-element_type=\"section\" data-e-type=\"section\">\n\t\t\t\t\t\t<div class=\"elementor-container elementor-column-gap-default\">\n\t\t\t\t\t<div class=\"elementor-column elementor-col-100 elementor-top-column elementor-element elementor-element-9f080ad\" data-id=\"9f080ad\" data-element_type=\"column\" data-e-type=\"column\">\n\t\t\t<div class=\"elementor-widget-wrap elementor-element-populated\">\n\t\t\t\t\t\t<div class=\"elementor-element elementor-element-666a515 elementor-widget elementor-widget-text-editor\" data-id=\"666a515\" data-element_type=\"widget\" data-e-type=\"widget\" data-widget_type=\"text-editor.default\">\n\t\t\t\t<div class=\"elementor-widget-container\">\n\t\t\t\t\t\t\t\t\t<p><b>Leis e Decretos Federais<\/b><\/p>\t\t\t\t\t\t\t\t<\/div>\n\t\t\t\t<\/div>\n\t\t\t\t<div class=\"elementor-element elementor-element-eaf182c elementor-widget elementor-widget-text-editor\" data-id=\"eaf182c\" data-element_type=\"widget\" data-e-type=\"widget\" data-widget_type=\"text-editor.default\">\n\t\t\t\t<div class=\"elementor-widget-container\">\n\t\t\t\t\t\t\t\t\t<ul><li><a href=\"http:\/\/legislacao.planalto.gov.br\/legisla\/legislacao.nsf\/Viw_Identificacao\/lei%2012.608-2012?OpenDocument\" target=\"_blank\" rel=\"noopener\"><strong>Lei n\u00ba 12.608, de 10 de abril de<\/strong><strong> 2012<\/strong><\/a><strong> &#8211; Institui a Pol\u00edtica Nacional de Prote\u00e7\u00e3o e Defesa Civil &#8211; PNPDEC, disp\u00f5e sobre o Sistema Nacional de Prote\u00e7\u00e3o e Defesa Civil &#8211; SINPDEC e o Conselho Nacional de Prote\u00e7\u00e3o e Defesa Civil &#8211; CONPDEC.<\/strong><\/li><\/ul>\t\t\t\t\t\t\t\t<\/div>\n\t\t\t\t<\/div>\n\t\t\t\t<div class=\"elementor-element elementor-element-56bd789 elementor-widget elementor-widget-text-editor\" data-id=\"56bd789\" data-element_type=\"widget\" data-e-type=\"widget\" data-widget_type=\"text-editor.default\">\n\t\t\t\t<div class=\"elementor-widget-container\">\n\t\t\t\t\t\t\t\t\t<p><b>Leis e Decretos Municipais<\/b><\/p>\t\t\t\t\t\t\t\t<\/div>\n\t\t\t\t<\/div>\n\t\t\t\t<div class=\"elementor-element elementor-element-7c8405a elementor-widget elementor-widget-text-editor\" data-id=\"7c8405a\" data-element_type=\"widget\" data-e-type=\"widget\" data-widget_type=\"text-editor.default\">\n\t\t\t\t<div class=\"elementor-widget-container\">\n\t\t\t\t\t\t\t\t\t<ul><li><a href=\"https:\/\/portais.santoandre.sp.gov.br\/defesacivil\/wp-content\/uploads\/sites\/6\/2026\/02\/LEI-6729.90-Equipes-de-Emergencia.pdf\" target=\"_blank\" rel=\"noopener\"><strong>Lei n\u00ba 6.729, de 26 de novembro de 1990 <\/strong><\/a><strong>&#8211; <\/strong><strong>Disp\u00f5e sobre a Constitui\u00e7\u00e3o de Equipes de Emerg\u00eancia.<\/strong><\/li><\/ul>\t\t\t\t\t\t\t\t<\/div>\n\t\t\t\t<\/div>\n\t\t\t\t<div class=\"elementor-element elementor-element-d6985c6 elementor-widget elementor-widget-text-editor\" data-id=\"d6985c6\" data-element_type=\"widget\" data-e-type=\"widget\" data-widget_type=\"text-editor.default\">\n\t\t\t\t<div class=\"elementor-widget-container\">\n\t\t\t\t\t\t\t\t\t<ul><li><a href=\"https:\/\/portais.santoandre.sp.gov.br\/defesacivil\/wp-content\/uploads\/sites\/6\/2026\/02\/LEI_ORDINARIA8383_3510-Dia-Municipal-da-Defesa-Civil.pdf\" target=\"_blank\" rel=\"noopener\"><strong>Lei n\u00ba 8.383, de 05 de julho de 2002 <\/strong><\/a><strong>&#8211; <\/strong><strong>Institui o Dia Municipal da Defesa Civil.<\/strong><\/li><\/ul>\t\t\t\t\t\t\t\t<\/div>\n\t\t\t\t<\/div>\n\t\t\t\t<div class=\"elementor-element elementor-element-347bd04 elementor-widget elementor-widget-text-editor\" data-id=\"347bd04\" data-element_type=\"widget\" data-e-type=\"widget\" data-widget_type=\"text-editor.default\">\n\t\t\t\t<div class=\"elementor-widget-container\">\n\t\t\t\t\t\t\t\t\t<ul><li><a href=\"https:\/\/portais.santoandre.sp.gov.br\/defesacivil\/wp-content\/uploads\/sites\/6\/2026\/02\/LEI_ORDINARIA8571_3232-Criacao-do-Conselho-MPDC.pdf\" target=\"_blank\" rel=\"noopener\"><strong>Lei n\u00ba 8.571, de 04 de dezembro de 2003<\/strong><\/a><strong><a href=\"_wp_link_placeholder\">\u00a0<\/a>&#8211; Disp\u00f5es sobre a cria\u00e7\u00e3o do Conselho Municipal de Defesa Civil &#8211; COMUDEC e d\u00e1 outras provid\u00eancias.<\/strong><\/li><\/ul>\t\t\t\t\t\t\t\t<\/div>\n\t\t\t\t<\/div>\n\t\t\t\t<div class=\"elementor-element elementor-element-31cfe01 elementor-widget elementor-widget-text-editor\" data-id=\"31cfe01\" data-element_type=\"widget\" data-e-type=\"widget\" data-widget_type=\"text-editor.default\">\n\t\t\t\t<div class=\"elementor-widget-container\">\n\t\t\t\t\t\t\t\t\t<ul><li><strong><a href=\"https:\/\/portais.santoandre.sp.gov.br\/defesacivil\/wp-content\/uploads\/sites\/6\/2026\/02\/10311-14.05.2020-Conselho-Municipal-de-PDC-e-Fundo-Municipal.pdf\" target=\"_blank\" rel=\"noopener\">Lei n\u00ba 10.311, de 14 de maio de 2020 <\/a>&#8211;\u00a0<b>Disp\u00f5e <\/b>sobre o Conselho Municipal de Prote\u00e7\u00e3o e Defesa Civil de Santo Andr\u00e9 &#8211; COMPDEC-SA e o Fundo Municipal de Prote\u00e7\u00e3o e Defesa Civil &#8211; FMPDC e d\u00e1 outras provid\u00eancias.<\/strong><\/li><\/ul>\t\t\t\t\t\t\t\t<\/div>\n\t\t\t\t<\/div>\n\t\t\t\t<div class=\"elementor-element elementor-element-facc943 elementor-widget elementor-widget-text-editor\" data-id=\"facc943\" data-element_type=\"widget\" data-e-type=\"widget\" data-widget_type=\"text-editor.default\">\n\t\t\t\t<div class=\"elementor-widget-container\">\n\t\t\t\t\t\t\t\t\t<ul><li><strong><a href=\"https:\/\/portais.santoandre.sp.gov.br\/defesacivil\/wp-content\/uploads\/sites\/6\/2026\/02\/LEI-10.819_2024-Reorganizacao-Estrutura-Adm-PSA.pdf\" target=\"_blank\" rel=\"noopener\">Lei n\u00ba 10.819, de 20 de dezembro de 2024 <\/a>&#8211; <b>Disp\u00f5e <\/b>sobre a reorganiza\u00e7\u00e3o da estrutura administrativa da Prefeitura de Santo Andr\u00e9, e d\u00e1 outras provid\u00eancias. <\/strong><\/li><\/ul>\t\t\t\t\t\t\t\t<\/div>\n\t\t\t\t<\/div>\n\t\t\t\t<div class=\"elementor-element elementor-element-b4af556 elementor-widget elementor-widget-text-editor\" data-id=\"b4af556\" data-element_type=\"widget\" data-e-type=\"widget\" data-widget_type=\"text-editor.default\">\n\t\t\t\t<div class=\"elementor-widget-container\">\n\t\t\t\t\t\t\t\t\t<ul><li><strong><a href=\"https:\/\/portais.santoandre.sp.gov.br\/defesacivil\/wp-content\/uploads\/sites\/6\/2026\/02\/Decreto-8932_1976-27_12-Cria-a-Comissao-de-Defesa-Civil.pdf\" target=\"_blank\" rel=\"noopener\">Decreto n\u00ba 8932, de 27 de dezembro de 1976 <\/a>&#8211; Cria a Comiss\u00e3o Municipal de Defesa Civil &#8211; COMDEC.\u00a0<\/strong><\/li><\/ul>\t\t\t\t\t\t\t\t<\/div>\n\t\t\t\t<\/div>\n\t\t\t\t<div class=\"elementor-element elementor-element-096d7c8 elementor-widget elementor-widget-text-editor\" data-id=\"096d7c8\" data-element_type=\"widget\" data-e-type=\"widget\" data-widget_type=\"text-editor.default\">\n\t\t\t\t<div class=\"elementor-widget-container\">\n\t\t\t\t\t\t\t\t\t<ul><li><strong><a href=\"https:\/\/portais.santoandre.sp.gov.br\/defesacivil\/wp-content\/uploads\/sites\/6\/2026\/02\/Decreto-10272_1981-Criacao-das-Comissoes-Distritais.pdf\" target=\"_blank\" rel=\"noopener\">Decreto n\u00ba 10.272, de 10 de junho de 1981<\/a>\u00a0&#8211; Autoriza a Cria\u00e7\u00e3o de Comiss\u00f5es Distritais de Defesa Civil &#8211; CODDEC.<\/strong><\/li><\/ul>\t\t\t\t\t\t\t\t<\/div>\n\t\t\t\t<\/div>\n\t\t\t\t<div class=\"elementor-element elementor-element-b843d30 elementor-widget elementor-widget-text-editor\" data-id=\"b843d30\" data-element_type=\"widget\" data-e-type=\"widget\" data-widget_type=\"text-editor.default\">\n\t\t\t\t<div class=\"elementor-widget-container\">\n\t\t\t\t\t\t\t\t\t<ul><li><strong><a href=\"https:\/\/portais.santoandre.sp.gov.br\/defesacivil\/wp-content\/uploads\/sites\/6\/2026\/02\/Decreto-10273_1981-Criacao-dos-Nucleos-Comunitarios-de-Defesa-Civil.pdf\" target=\"_blank\" rel=\"noopener\">Decreto n\u00ba 10.273, de 10 de junho de 1981 <\/a>&#8211; <\/strong><strong>Autoriza a Cria\u00e7\u00e3o de\u00a0 N\u00facleos Comunit\u00e1rios de Defesa Civil &#8211; NUDEC<\/strong><\/li><\/ul>\t\t\t\t\t\t\t\t<\/div>\n\t\t\t\t<\/div>\n\t\t\t\t<div class=\"elementor-element elementor-element-09b8165 elementor-widget elementor-widget-text-editor\" data-id=\"09b8165\" data-element_type=\"widget\" data-e-type=\"widget\" data-widget_type=\"text-editor.default\">\n\t\t\t\t<div class=\"elementor-widget-container\">\n\t\t\t\t\t\t\t\t\t<ul><li><strong><a href=\"https:\/\/portais.santoandre.sp.gov.br\/defesacivil\/wp-content\/uploads\/sites\/6\/2026\/02\/Regime-Interno-da-Comissao-Municpal-de-Defesa-Civil-1.pdf\" target=\"_blank\" rel=\"noopener\">Decreto n\u00ba 11.001, de 26 de outubro de 1984<\/a> &#8211; Aprova o <\/strong><strong>Regime Interno da Comiss\u00e3o de Defesa Civil &#8211; COMDEC.<\/strong><\/li><\/ul>\t\t\t\t\t\t\t\t<\/div>\n\t\t\t\t<\/div>\n\t\t\t\t<div class=\"elementor-element elementor-element-0432704 elementor-widget elementor-widget-text-editor\" data-id=\"0432704\" data-element_type=\"widget\" data-e-type=\"widget\" data-widget_type=\"text-editor.default\">\n\t\t\t\t<div class=\"elementor-widget-container\">\n\t\t\t\t\t\t\t\t\t<ul><li><a href=\"https:\/\/portais.santoandre.sp.gov.br\/defesacivil\/wp-content\/uploads\/sites\/6\/2026\/02\/18102-05.05.2023-Instituiu-o-Centro-de-Resiliencia-as-Emergencias-de-Defesa-Civil-de-Santo-Andre.pdf\" target=\"_blank\" rel=\"noopener\"><strong>Decreto n\u00ba 18.102, de 05 de maio de 2023<\/strong><\/a><strong> &#8211;\u00a0<b>Institui<\/b>\u00a0o Centro de Resili\u00eancia \u00e0s Emerg\u00eancias de Defesa Civil de Santo Andr\u00e9, e d\u00e1 outras provid\u00eancias.<\/strong><\/li><\/ul>\t\t\t\t\t\t\t\t<\/div>\n\t\t\t\t<\/div>\n\t\t\t\t<div class=\"elementor-element elementor-element-0771487 elementor-widget elementor-widget-text-editor\" data-id=\"0771487\" data-element_type=\"widget\" data-e-type=\"widget\" data-widget_type=\"text-editor.default\">\n\t\t\t\t<div class=\"elementor-widget-container\">\n\t\t\t\t\t\t\t\t\t<ul><li><a href=\"https:\/\/portais.santoandre.sp.gov.br\/defesacivil\/wp-content\/uploads\/sites\/6\/2026\/02\/EMENDA_LEI_ORGANICA43_412-conselho-de-defesa-civil.pdf\" target=\"_blank\" rel=\"noopener\"><strong>Emenda da Lei Org\u00e2nica Municipal n\u00ba 43, de 31 de mar\u00e7o de 2004<\/strong><\/a><strong> &#8211; Altera artigo da LOM que disp\u00f5e sobre o Conselho Municipal de Defesa Civil<\/strong><strong> &#8211; COMUDEC.<\/strong><\/li><\/ul>\t\t\t\t\t\t\t\t<\/div>\n\t\t\t\t<\/div>\n\t\t\t\t\t<\/div>\n\t\t<\/div>\n\t\t\t\t\t<\/div>\n\t\t<\/section>\n\t\t\t\t<\/div>\n\t\t","protected":false},"excerpt":{"rendered":"<p>Leis e Decretos Federais Lei n\u00ba 12.608, de 10 de abril de 2012 &#8211; Institui a Pol\u00edtica Nacional de Prote\u00e7\u00e3o e Defesa Civil &#8211; PNPDEC, disp\u00f5e sobre o Sistema Nacional de Prote\u00e7\u00e3o e Defesa Civil &#8211; SINPDEC e o Conselho Nacional de Prote\u00e7\u00e3o e Defesa Civil &#8211; CONPDEC. Leis e Decretos Municipais Lei n\u00ba 6.729, [&hellip;]<\/p>\n","protected":false},"author":92,"featured_media":0,"parent":0,"menu_order":0,"comment_status":"closed","ping_status":"closed","template":"","meta":{"footnotes":""},"class_list":["post-2929","page","type-page","status-publish","hentry"],"_links":{"self":[{"href":"https:\/\/portais.santoandre.sp.gov.br\/defesacivil\/wp-json\/wp\/v2\/pages\/2929","targetHints":{"allow":["GET"]}}],"collection":[{"href":"https:\/\/portais.santoandre.sp.gov.br\/defesacivil\/wp-json\/wp\/v2\/pages"}],"about":[{"href":"https:\/\/portais.santoandre.sp.gov.br\/defesacivil\/wp-json\/wp\/v2\/types\/page"}],"author":[{"embeddable":true,"href":"https:\/\/portais.santoandre.sp.gov.br\/defesacivil\/wp-json\/wp\/v2\/users\/92"}],"replies":[{"embeddable":true,"href":"https:\/\/portais.santoandre.sp.gov.br\/defesacivil\/wp-json\/wp\/v2\/comments?post=2929"}],"version-history":[{"count":31,"href":"https:\/\/portais.santoandre.sp.gov.br\/defesacivil\/wp-json\/wp\/v2\/pages\/2929\/revisions"}],"predecessor-version":[{"id":3877,"href":"https:\/\/portais.santoandre.sp.gov.br\/defesacivil\/wp-json\/wp\/v2\/pages\/2929\/revisions\/3877"}],"wp:attachment":[{"href":"https:\/\/portais.santoandre.sp.gov.br\/defesacivil\/wp-json\/wp\/v2\/media?parent=2929"}],"curies":[{"name":"wp","href":"https:\/\/api.w.org\/{rel}","templated":true}]}}