{"id":2506,"date":"2025-07-16T14:11:09","date_gmt":"2025-07-16T17:11:09","guid":{"rendered":"https:\/\/portais.santoandre.sp.gov.br\/defesacivil\/?page_id=2506"},"modified":"2025-07-16T16:31:57","modified_gmt":"2025-07-16T19:31:57","slug":"carta-de-suscetibilidade-cprm-2012","status":"publish","type":"page","link":"https:\/\/portais.santoandre.sp.gov.br\/defesacivil\/carta-de-suscetibilidade-cprm-2012\/","title":{"rendered":"A\u00e7\u00e3o emergencial para delimita\u00e7\u00e3o de \u00e1reas em alto e muito alto risco a enchentes, inunda\u00e7\u00f5es e movimentos de massa &#8211; CPRM 2013"},"content":{"rendered":"\t\t<div data-elementor-type=\"wp-page\" data-elementor-id=\"2506\" class=\"elementor elementor-2506\" data-elementor-post-type=\"page\">\n\t\t\t\t\t\t<section class=\"elementor-section elementor-top-section elementor-element elementor-element-e296580 elementor-section-boxed elementor-section-height-default elementor-section-height-default\" data-id=\"e296580\" data-element_type=\"section\" data-e-type=\"section\">\n\t\t\t\t\t\t<div class=\"elementor-container elementor-column-gap-default\">\n\t\t\t\t\t<div class=\"elementor-column elementor-col-100 elementor-top-column elementor-element elementor-element-32fa674\" data-id=\"32fa674\" data-element_type=\"column\" data-e-type=\"column\">\n\t\t\t<div class=\"elementor-widget-wrap elementor-element-populated\">\n\t\t\t\t\t\t<div class=\"elementor-element elementor-element-ae17eaa elementor-widget elementor-widget-text-editor\" data-id=\"ae17eaa\" data-element_type=\"widget\" data-e-type=\"widget\" data-widget_type=\"text-editor.default\">\n\t\t\t\t<div class=\"elementor-widget-container\">\n\t\t\t\t\t\t\t\t\t<ul><li><a href=\"https:\/\/portais.santoandre.sp.gov.br\/defesacivil\/wp-content\/uploads\/sites\/6\/2025\/07\/Relatorio_SantoAndre_dez_2012_jan_2013_final.pdf\" target=\"_blank\" rel=\"noopener\">Relat\u00f3rio Santo Andr\u00e9 &#8211; Dez\/2012 Jan\/2013<\/a><\/li><li><a href=\"https:\/\/portais.santoandre.sp.gov.br\/defesacivil\/wp-content\/uploads\/sites\/6\/2025\/07\/SP_SA_SR_01_CPRM.pdf\" target=\"_blank\" rel=\"noopener\">SP SA SR &#8211; 01 CPRM<\/a><\/li><li><a href=\"https:\/\/portais.santoandre.sp.gov.br\/defesacivil\/wp-content\/uploads\/sites\/6\/2025\/07\/SP_SA_SR_02_CPRM.pdf\" target=\"_blank\" rel=\"noopener\">SP SA SR &#8211; 02 CPRM<\/a><\/li><li><a href=\"https:\/\/portais.santoandre.sp.gov.br\/defesacivil\/wp-content\/uploads\/sites\/6\/2025\/07\/SP_SA_SR_03_CPRM.pdf\" target=\"_blank\" rel=\"noopener\">SP SA SR &#8211; 03 CPRM<\/a><\/li><li><a href=\"https:\/\/portais.santoandre.sp.gov.br\/defesacivil\/wp-content\/uploads\/sites\/6\/2025\/07\/SP_SA_SR_04_CPRM.pdf\" target=\"_blank\" rel=\"noopener\">SP SA SR &#8211; 04 CPRM<\/a><\/li><li><a href=\"https:\/\/portais.santoandre.sp.gov.br\/defesacivil\/wp-content\/uploads\/sites\/6\/2025\/07\/SP_SA_SR_05_CPRM.pdf\" target=\"_blank\" rel=\"noopener\">SP SA SR &#8211; 05 CPRM<\/a><\/li><li><a href=\"https:\/\/portais.santoandre.sp.gov.br\/defesacivil\/wp-content\/uploads\/sites\/6\/2025\/07\/SP_SA_SR_06_CPRM.pdf\" target=\"_blank\" rel=\"noopener\">SP SA SR &#8211; 06 CPRM<\/a><\/li><li><a href=\"https:\/\/portais.santoandre.sp.gov.br\/defesacivil\/wp-content\/uploads\/sites\/6\/2025\/07\/SP_SA_SR_07_CPRM.pdf\" target=\"_blank\" rel=\"noopener\">SP SA SR &#8211; 07 CPRM<\/a><\/li><li><a href=\"https:\/\/portais.santoandre.sp.gov.br\/defesacivil\/wp-content\/uploads\/sites\/6\/2025\/07\/SP_SA_SR_08_CPRM.pdf\" target=\"_blank\" rel=\"noopener\">SP SA SR &#8211; 08 CPRM<\/a><\/li><li><a href=\"https:\/\/portais.santoandre.sp.gov.br\/defesacivil\/wp-content\/uploads\/sites\/6\/2025\/07\/SP_SA_SR_09_CPRM.pdf\" target=\"_blank\" rel=\"noopener\">SP SA SR &#8211; 09 CPRM<\/a><\/li><li><a href=\"https:\/\/portais.santoandre.sp.gov.br\/defesacivil\/wp-content\/uploads\/sites\/6\/2025\/07\/SP_SA_SR_10_CPRM.pdf\" target=\"_blank\" rel=\"noopener\">SP SA SR &#8211; 10 CPRM<\/a><\/li><li><a href=\"https:\/\/portais.santoandre.sp.gov.br\/defesacivil\/wp-content\/uploads\/sites\/6\/2025\/07\/SP_SA_SR_11_CPRM.pdf\" target=\"_blank\" rel=\"noopener\">SP SA SR &#8211; 11 CPRM<\/a><\/li><li><a href=\"https:\/\/portais.santoandre.sp.gov.br\/defesacivil\/wp-content\/uploads\/sites\/6\/2025\/07\/SP_SA_SR_12_CPRM.pdf\" target=\"_blank\" rel=\"noopener\">SP SA SR &#8211; 12 CPRM<\/a><\/li><li><a href=\"https:\/\/portais.santoandre.sp.gov.br\/defesacivil\/wp-content\/uploads\/sites\/6\/2025\/07\/SP_SA_SR_13_CPRM.pdf\" target=\"_blank\" rel=\"noopener\">SP SA SR &#8211; 13 CPRM<\/a><\/li><li><a href=\"https:\/\/portais.santoandre.sp.gov.br\/defesacivil\/wp-content\/uploads\/sites\/6\/2025\/07\/SP_SA_SR_14_CPRM.pdf\" target=\"_blank\" rel=\"noopener\">SP SA SR &#8211; 14 CPRM<\/a><\/li><li><a href=\"https:\/\/portais.santoandre.sp.gov.br\/defesacivil\/wp-content\/uploads\/sites\/6\/2025\/07\/SP_SA_SR_15_CPRM.pdf\" target=\"_blank\" rel=\"noopener\">SP SA SR &#8211; 15 CPRM<\/a><\/li><li><a href=\"https:\/\/portais.santoandre.sp.gov.br\/defesacivil\/wp-content\/uploads\/sites\/6\/2025\/07\/SP_SA_SR_16_CPRM.pdf\" target=\"_blank\" rel=\"noopener\">SP SA SR &#8211; 16 CPRM<\/a><\/li><li><a href=\"https:\/\/portais.santoandre.sp.gov.br\/defesacivil\/wp-content\/uploads\/sites\/6\/2025\/07\/SP_SA_SR_17_CPRM.pdf\" target=\"_blank\" rel=\"noopener\">SP SA SR &#8211; 17 CPRM<\/a><\/li><li><a href=\"https:\/\/portais.santoandre.sp.gov.br\/defesacivil\/wp-content\/uploads\/sites\/6\/2025\/07\/SP_SA_SR_18_CPRM.pdf\" target=\"_blank\" rel=\"noopener\">SP SA SR &#8211; 18 CPRM<\/a><\/li><li><a href=\"https:\/\/portais.santoandre.sp.gov.br\/defesacivil\/wp-content\/uploads\/sites\/6\/2025\/07\/SP_SA_SR_19_CPRM.pdf\" target=\"_blank\" rel=\"noopener\">SP SA SR &#8211; 19 CPRM<\/a><\/li><li><a href=\"https:\/\/portais.santoandre.sp.gov.br\/defesacivil\/wp-content\/uploads\/sites\/6\/2025\/07\/SP_SA_SR_20_CPRM.pdf\" target=\"_blank\" rel=\"noopener\">SP SA SR &#8211; 20 CPRM<\/a><\/li><li><a href=\"https:\/\/portais.santoandre.sp.gov.br\/defesacivil\/wp-content\/uploads\/sites\/6\/2025\/07\/SP_SA_SR_21_CPRM.pdf\" target=\"_blank\" rel=\"noopener\">SP SA SR &#8211; 21 CPRM<\/a><\/li><li><a href=\"https:\/\/portais.santoandre.sp.gov.br\/defesacivil\/wp-content\/uploads\/sites\/6\/2025\/07\/SP_SA_SR_22_CPRM.pdf\" target=\"_blank\" rel=\"noopener\">SP SA SR &#8211; 22 CPRM<\/a><\/li><li><a href=\"https:\/\/portais.santoandre.sp.gov.br\/defesacivil\/wp-content\/uploads\/sites\/6\/2025\/07\/SP_SA_SR_23_CPRM.pdf\" target=\"_blank\" rel=\"noopener\">SP SA SR &#8211; 23 CPRM<\/a><\/li><li><a href=\"https:\/\/portais.santoandre.sp.gov.br\/defesacivil\/wp-content\/uploads\/sites\/6\/2025\/07\/SP_SA_SR_24_CPRM.pdf\" target=\"_blank\" rel=\"noopener\">SP SA SR &#8211; 24 CPRM<\/a><\/li><li><a href=\"https:\/\/portais.santoandre.sp.gov.br\/defesacivil\/wp-content\/uploads\/sites\/6\/2025\/07\/SP_SA_SR_25_CPRM.pdf\" target=\"_blank\" rel=\"noopener\">SP SA SR &#8211; 25 CPRM<\/a><\/li><li><a href=\"https:\/\/portais.santoandre.sp.gov.br\/defesacivil\/wp-content\/uploads\/sites\/6\/2025\/07\/SP_SA_SR_26_CPRM.pdf\" target=\"_blank\" rel=\"noopener\">SP SA SR &#8211; 26 CPRM<\/a><\/li><li><a href=\"https:\/\/portais.santoandre.sp.gov.br\/defesacivil\/wp-content\/uploads\/sites\/6\/2025\/07\/SP_SA_SR_27_CPRM.pdf\" target=\"_blank\" rel=\"noopener\">SP SA SR &#8211; 27 CPRM<\/a><\/li><li><a href=\"https:\/\/portais.santoandre.sp.gov.br\/defesacivil\/wp-content\/uploads\/sites\/6\/2025\/07\/SP_SA_SR_28_CPRM.pdf\" target=\"_blank\" rel=\"noopener\">SP SA SR &#8211; 28 CPRM<\/a><\/li><li><a href=\"https:\/\/portais.santoandre.sp.gov.br\/defesacivil\/wp-content\/uploads\/sites\/6\/2025\/07\/SP_SA_SR_29_CPRM.pdf\" target=\"_blank\" rel=\"noopener\">SP SA SR &#8211; 29 CPRM<\/a><\/li><li><a href=\"https:\/\/portais.santoandre.sp.gov.br\/defesacivil\/wp-content\/uploads\/sites\/6\/2025\/07\/SP_SA_SR_30_CPRM.pdf\" target=\"_blank\" rel=\"noopener\">SP SA SR &#8211; 30 CPRM<\/a><\/li><li><a href=\"https:\/\/portais.santoandre.sp.gov.br\/defesacivil\/wp-content\/uploads\/sites\/6\/2025\/07\/SP_SA_SR_31_CPRM.pdf\" target=\"_blank\" rel=\"noopener\">SP SA SR &#8211; 31 CPRM<\/a><\/li><li><a href=\"https:\/\/portais.santoandre.sp.gov.br\/defesacivil\/wp-content\/uploads\/sites\/6\/2025\/07\/SP_SA_SR_32_CPRM.pdf\" target=\"_blank\" rel=\"noopener\">SP SA SR &#8211; 32 CPRM<\/a><\/li><li><a href=\"https:\/\/portais.santoandre.sp.gov.br\/defesacivil\/wp-content\/uploads\/sites\/6\/2025\/07\/SP_SA_SR_33_CPRM.pdf\" target=\"_blank\" rel=\"noopener\">SP SA SR &#8211; 33 CPRM<\/a><\/li><li><a href=\"https:\/\/portais.santoandre.sp.gov.br\/defesacivil\/wp-content\/uploads\/sites\/6\/2025\/07\/SP_SA_SR_34_CPRM.pdf\" target=\"_blank\" rel=\"noopener\">SP SA SR &#8211; 34 CPRM<\/a><\/li><li><a href=\"https:\/\/portais.santoandre.sp.gov.br\/defesacivil\/wp-content\/uploads\/sites\/6\/2025\/07\/SP_SA_SR_35_CPRM.pdf\" target=\"_blank\" rel=\"noopener\">SP SA SR &#8211; 35 CPRM<\/a><\/li><li><a href=\"https:\/\/portais.santoandre.sp.gov.br\/defesacivil\/wp-content\/uploads\/sites\/6\/2025\/07\/SP_SA_SR_36_CPRM.pdf\" target=\"_blank\" rel=\"noopener\">SP SA SR &#8211; 36 CPRM<\/a><\/li><li><a href=\"https:\/\/portais.santoandre.sp.gov.br\/defesacivil\/wp-content\/uploads\/sites\/6\/2025\/07\/SP_SA_SR_37_CPRM.pdf\" target=\"_blank\" rel=\"noopener\">SP SA SR &#8211; 37 CPRM<\/a><\/li><li><a href=\"https:\/\/portais.santoandre.sp.gov.br\/defesacivil\/wp-content\/uploads\/sites\/6\/2025\/07\/SP_SA_SR_38_CPRM.pdf\" target=\"_blank\" rel=\"noopener\">SP SA SR &#8211; 38 CPRM<\/a><\/li><\/ul>\t\t\t\t\t\t\t\t<\/div>\n\t\t\t\t<\/div>\n\t\t\t\t\t<\/div>\n\t\t<\/div>\n\t\t\t\t\t<\/div>\n\t\t<\/section>\n\t\t\t\t<section class=\"elementor-section elementor-top-section elementor-element elementor-element-d5d1bba elementor-section-boxed elementor-section-height-default elementor-section-height-default\" data-id=\"d5d1bba\" data-element_type=\"section\" data-e-type=\"section\">\n\t\t\t\t\t\t<div class=\"elementor-container elementor-column-gap-default\">\n\t\t\t\t\t<div class=\"elementor-column elementor-col-100 elementor-top-column elementor-element elementor-element-6ce735e\" data-id=\"6ce735e\" data-element_type=\"column\" data-e-type=\"column\">\n\t\t\t<div class=\"elementor-widget-wrap elementor-element-populated\">\n\t\t\t\t\t\t<div class=\"elementor-element elementor-element-b880704 elementor-widget elementor-widget-text-editor\" data-id=\"b880704\" data-element_type=\"widget\" data-e-type=\"widget\" data-widget_type=\"text-editor.default\">\n\t\t\t\t<div class=\"elementor-widget-container\">\n\t\t\t\t\t\t\t\t\t<p>Banco de dados georreferenciado dispon\u00edvel em <a href=\"https:\/\/siga.santoandre.sp.gov.br\/\" target=\"_blank\" rel=\"noopener\">SIGA Santo Andr\u00e9<\/a>.<\/p>\t\t\t\t\t\t\t\t<\/div>\n\t\t\t\t<\/div>\n\t\t\t\t\t<\/div>\n\t\t<\/div>\n\t\t\t\t\t<\/div>\n\t\t<\/section>\n\t\t\t\t<section class=\"elementor-section elementor-top-section elementor-element elementor-element-7720984 elementor-section-boxed elementor-section-height-default elementor-section-height-default\" data-id=\"7720984\" data-element_type=\"section\" data-e-type=\"section\">\n\t\t\t\t\t\t<div class=\"elementor-container elementor-column-gap-default\">\n\t\t\t\t\t<div class=\"elementor-column elementor-col-100 elementor-top-column elementor-element elementor-element-1b6d2b9\" data-id=\"1b6d2b9\" data-element_type=\"column\" data-e-type=\"column\">\n\t\t\t<div class=\"elementor-widget-wrap elementor-element-populated\">\n\t\t\t\t\t\t<div class=\"elementor-element elementor-element-785ce4f elementor-widget elementor-widget-text-editor\" data-id=\"785ce4f\" data-element_type=\"widget\" data-e-type=\"widget\" data-widget_type=\"text-editor.default\">\n\t\t\t\t<div class=\"elementor-widget-container\">\n\t\t\t\t\t\t\t\t\t<p><strong><span class=\"List_0020Paragraph__Char\">Refer\u00eancia bibliogr\u00e1fica<\/span><\/strong><\/p><p><span class=\"List_0020Paragraph__Char\">SERVI\u00c7O GEOL\u00d3GICO DO BRASIL (CPRM). A\u00e7\u00e3o emergencial para delimita\u00e7\u00e3o de \u00e1reas em alto e muito alto risco a enchentes, inunda\u00e7\u00f5es e movimentos de massa \u2013 Santo Andr\u00e9\/SP. Bras\u00edlia, DF: Servi\u00e7o Geol\u00f3gico do Brasil (CPRM), 2013. 13 p. (Acompanha banco de dados georreferenciado). Relat\u00f3rio T\u00e9cnico. Dispon\u00edvel em:<\/span>\u00a0<a href=\"https:\/\/webmail.santoandre.sp.gov.br\/owa\/redir.aspx?C=iqhFDXonHFQ_Y0iIbHHcAhQ2ZLD6E1siuPqnLHHwNzdd_1vAk8TdCA..&amp;URL=https%3a%2f%2fwww.defesacivil.sp.gov.br%2finstrumentos-de-identificacao-de-riscos%2f\" target=\"_blank\" rel=\"noopener noreferrer\"><span class=\"Hyperlink__Char\">https:\/\/www.defesacivil.sp.gov.br\/instrumentos-de-identificacao-de-riscos\/<\/span><\/a><span class=\"List_0020Paragraph__Char\">. Acesso em: 07 nov. 2024.<\/span><\/p>\t\t\t\t\t\t\t\t<\/div>\n\t\t\t\t<\/div>\n\t\t\t\t\t<\/div>\n\t\t<\/div>\n\t\t\t\t\t<\/div>\n\t\t<\/section>\n\t\t\t\t<\/div>\n\t\t","protected":false},"excerpt":{"rendered":"<p>Relat\u00f3rio Santo Andr\u00e9 &#8211; Dez\/2012 Jan\/2013 SP SA SR &#8211; 01 CPRM SP SA SR &#8211; 02 CPRM SP SA SR &#8211; 03 CPRM SP SA SR &#8211; 04 CPRM SP SA SR &#8211; 05 CPRM SP SA SR &#8211; 06 CPRM SP SA SR &#8211; 07 CPRM SP SA SR &#8211; 08 CPRM SP [&hellip;]<\/p>\n","protected":false},"author":92,"featured_media":0,"parent":0,"menu_order":0,"comment_status":"closed","ping_status":"closed","template":"","meta":{"footnotes":""},"class_list":["post-2506","page","type-page","status-publish","hentry"],"_links":{"self":[{"href":"https:\/\/portais.santoandre.sp.gov.br\/defesacivil\/wp-json\/wp\/v2\/pages\/2506","targetHints":{"allow":["GET"]}}],"collection":[{"href":"https:\/\/portais.santoandre.sp.gov.br\/defesacivil\/wp-json\/wp\/v2\/pages"}],"about":[{"href":"https:\/\/portais.santoandre.sp.gov.br\/defesacivil\/wp-json\/wp\/v2\/types\/page"}],"author":[{"embeddable":true,"href":"https:\/\/portais.santoandre.sp.gov.br\/defesacivil\/wp-json\/wp\/v2\/users\/92"}],"replies":[{"embeddable":true,"href":"https:\/\/portais.santoandre.sp.gov.br\/defesacivil\/wp-json\/wp\/v2\/comments?post=2506"}],"version-history":[{"count":20,"href":"https:\/\/portais.santoandre.sp.gov.br\/defesacivil\/wp-json\/wp\/v2\/pages\/2506\/revisions"}],"predecessor-version":[{"id":2684,"href":"https:\/\/portais.santoandre.sp.gov.br\/defesacivil\/wp-json\/wp\/v2\/pages\/2506\/revisions\/2684"}],"wp:attachment":[{"href":"https:\/\/portais.santoandre.sp.gov.br\/defesacivil\/wp-json\/wp\/v2\/media?parent=2506"}],"curies":[{"name":"wp","href":"https:\/\/api.w.org\/{rel}","templated":true}]}}