{"id":128,"date":"2025-03-25T16:57:43","date_gmt":"2025-03-25T19:57:43","guid":{"rendered":"https:\/\/portais.santoandre.sp.gov.br\/conselhosaude\/?page_id=128"},"modified":"2026-04-13T08:58:14","modified_gmt":"2026-04-13T11:58:14","slug":"composicao-do-conselho","status":"publish","type":"page","link":"https:\/\/portais.santoandre.sp.gov.br\/conselhosaude\/composicao-do-conselho\/","title":{"rendered":"Composi\u00e7\u00e3o do Conselho"},"content":{"rendered":"\n<h3 class=\"wp-block-heading\">Composi\u00e7\u00e3o Mesa Diretora &#8211; Gest\u00e3o 2026\/2028<\/h3>\n\n\n\n<p>Silvana Gomes de Araujo Teixeira &#8211; PRESIDENTE<br>Benedito Candido Pires Filho &#8211; VICE PRESIDENTE<br>Vanessa Crispim de Araujo &#8211; 1\u00aa SECRET\u00c1RIA<br>Ivan Gyurkovits &#8211; 2\u00ba SECRET\u00c1RIA<\/p>\n\n\n\n<h3 class=\"wp-block-heading\">Composi\u00e7\u00e3o das Comiss\u00f5es\/Representa\u00e7\u00f5es &#8211; Gest\u00e3o 2026\/2028<\/h3>\n\n\n\n<p><strong>Comiss\u00e3o de Politicas Publicas<\/strong><\/p>\n\n\n\n<p>Kaique Cardoso Vicente &#8211; GESTOR<br>Carolina Ap\u00aa. De Andrade &#8211; TRABALHADOR<br>Marcia Aparecida Monteiro &#8211; USU\u00c1RIOS<br>Andreia Lima da Silva &#8211; USU\u00c1RIOS<\/p>\n\n\n\n<p><strong>Comiss\u00e3o Or\u00e7amento E Finan\u00e7as<\/strong><\/p>\n\n\n\n<p>Samuel Estevam Cardoso Lino &#8211; GESTOR<br>Valdelucia Francisca de Araujo Coutinho &#8211; TRABALHADOR<br>Micael Regino Vicente &#8211; USU\u00c1RIOS<br>Gilberto Vieira Monteiro &#8211; USU\u00c1RIOS<\/p>\n\n\n\n<p><strong>Comiss\u00e3o de Relacionamento com os Conselhos Locais<\/strong><\/p>\n\n\n\n<p>Rafaela Zeferino de Lima &#8211; GESTOR<br>Flavia Chiomento de Souza &#8211; TRABALHADOR<br>Ana Cleide da Costa Alves &#8211; USU\u00c1RIOS<br>Antonio Rodrigues da Silva &#8211; USU\u00c1RIOS<\/p>\n\n\n\n<p><strong>Comiss\u00e3o Especial de \u00c9tica<\/strong><\/p>\n\n\n\n<p>Osmar Santos Mendon\u00e7a &#8211; GESTOR<br>Roberta Patr\u00edcia De Camargo &#8211; TRABALHADOR<br>Jorge Dutra Salles &#8211; USU\u00c1RIOS<br>Vanderlei Aparecido Facchim &#8211; USU\u00c1RIOS<\/p>\n\n\n\n<p><strong>Conselho Curador da Funda\u00e7\u00e3o de Assist\u00eancia Integral \u00e0 Sa\u00fade de Santo Andr\u00e9 \u2013 FAISA<\/strong><\/p>\n\n\n\n<p>USU\u00c1RIO TITULAR <br>USU\u00c1RIO SUPLENTE<\/p>\n\n\n\n<p><strong>Comiss\u00e3o Intersetorial de Sa\u00fade do Trabalhador &#8211; CISTT\u2019S<\/strong><\/p>\n\n\n\n<p>Jo\u00e3o Augusto Zanette &#8211; COORDENADOR USU\u00c1RIO TITULAR<br>Alcides Antonio Vinhas &#8211; COORDENADOR ADJUNTO USUARIO<\/p>\n\n\n\n<p><strong>Comit\u00ea T\u00e9cnico de Sa\u00fade da Popula\u00e7\u00e3o Negra<\/strong><\/p>\n\n\n\n<p>Ana Cleide da Costa Alves &#8211; USU\u00c1RIO TITULAR<br>Antonio Rodrigues da Silva &#8211; USUARIO SUPLENTE<\/p>\n\n\n\n<p><strong>Comit\u00ea de \u00c9tica e Pesquisa \u2013 Universidade Federal ABC (UFABC)<\/strong><\/p>\n\n\n\n<p>Rog\u00e9rio Martins de Araujo &#8211; USU\u00c1RIO<\/p>\n\n\n\n<p><strong>Comit\u00ea de Vigil\u00e2ncia a Mortalidade Materna, Infantil e Fetal do Munic\u00edpio de Santo Andr\u00e9<\/strong><\/p>\n\n\n\n<p>Soraia Cecilia Braz Grillo &#8211; USU\u00c1RIO TITULAR<br>Alcides Antonio Vinhas &#8211; USU\u00c1RIO SUPLENTE<\/p>\n\n\n\n<p><strong><strong>Colegiado da Ouvidoria Municipal de Santo Andr\u00e9<\/strong><\/strong><\/p>\n\n\n\n<p>Benedito Candido Pires Filho &#8211; USU\u00c1RIO TITULAR<\/p>\n\n\n\n<p><strong>Conselho Gestor \u2013 Ambulat\u00f3rio M\u00e9dico de Especialidade do Governo do Estado de S\u00e3o Paulo (AME Santo Andr\u00e9)<\/strong><\/p>\n\n\n\n<p>Ricardo Augusto Campbell &#8211; USU\u00c1RIO TITULAR<\/p>\n\n\n\n<p><strong>Conselho De Curadores da Funda\u00e7\u00e3o ABC<\/strong><\/p>\n\n\n\n<p>Silvana Gomes de Araujo Teixeira &#8211; USU\u00c1RIO TITULAR<br>Jamili Rasoul Salem de Souza &#8211; USU\u00c1RIO SUPLENTE<\/p>\n\n\n\n<p><strong>Hospital Estadual M\u00e1rio Covas<\/strong><\/p>\n\n\n\n<p>Maria Odila Gomes Douglas &#8211; USU\u00c1RIO TITULAR<br>Ana Cleide da Costa Alves &#8211; USU\u00c1RIO SUPLENTE<\/p>\n\n\n\n<p><strong>Comit\u00ea Gestor Urg\u00eancia e Emerg\u00eancia<\/strong><\/p>\n\n\n\n<p>Antonio Rodrigues da Silva &#8211; USU\u00c1RIOS<br>Marcos Antonio Alves &#8211; USU\u00c1RIOS<br>Carlos Roberto Rossetto &#8211; TRABALHADORES<br>Ricardo Augusto Campbell &#8211; TRABALHADORES<\/p>\n\n\n\n<p><strong>Comiss\u00e3o de Avalia\u00e7\u00e3o do Contrato de Gest\u00e3o Hospitalar<\/strong><\/p>\n\n\n\n<p>Marcos Antonio Alves &#8211; USU\u00c1RIO TITULAR<br>Soraia Cecilia Braz Grillo &#8211; USU\u00c1RIO SUPLENTE<\/p>\n\n\n\n<p><strong>Comiss\u00e3o de Avalia\u00e7\u00e3o do Contrato de Gest\u00e3o da Rede de Sa\u00fade<\/strong><\/p>\n\n\n\n<p>Rogerio Martins de Araujo &#8211; USU\u00c1RIO TITULAR<br>Marcos Antonio Alves &#8211; USU\u00c1RIO SUPLENTE<\/p>\n\n\n\n<p><strong>Comiss\u00e3o de Acompanhamento, Fiscaliza\u00e7\u00e3o e Avalia\u00e7\u00e3o do Contrato de Gest\u00e3o da Rede de Urg\u00eancia e Emerg\u00eancia<\/strong><\/p>\n\n\n\n<p>Soraia Cecilia Braz Grillo &#8211; USU\u00c1RIO TITULAR<br>Rogerio Martins de Araujo&nbsp; &#8211; USU\u00c1RIO SUPLENTE<\/p>\n\n\n\n<div class=\"wp-block-stackable-icon-list stk-block-icon-list stk-block stk-705bbf3\" data-block-id=\"705bbf3\"><svg style=\"display:none\"><defs><g id=\"stk-icon-list__icon-svg-def-705bbf3\"><svg xmlns=\"http:\/\/www.w3.org\/2000\/svg\" viewBox=\"0 0 190 190\"><polygon points=\"173.8,28.4 60.4,141.8 15.7,97.2 5.1,107.8 60.4,163 184.4,39 173.8,28.4\" \/><\/svg><\/g><\/defs><\/svg><ul class=\"stk-block-icon-list__ul stk-block-icon-list--column\">\n<li class=\"wp-block-stackable-icon-list-item stk-block-icon-list-item stk-block stk-11ff73e\" data-block-id=\"11ff73e\"><div class=\"stk-block-icon-list-item__content\"><span class=\"stk--svg-wrapper\"><div class=\"stk--inner-svg\"><svg xmlns=\"http:\/\/www.w3.org\/2000\/svg\" viewBox=\"0 0 512 512\" aria-hidden=\"true\" width=\"32\" height=\"32\"><path d=\"M64 464l48 0 0 48-48 0c-35.3 0-64-28.7-64-64L0 64C0 28.7 28.7 0 64 0L229.5 0c17 0 33.3 6.7 45.3 18.7l90.5 90.5c12 12 18.7 28.3 18.7 45.3L384 304l-48 0 0-144-80 0c-17.7 0-32-14.3-32-32l0-80L64 48c-8.8 0-16 7.2-16 16l0 384c0 8.8 7.2 16 16 16zM176 352l32 0c30.9 0 56 25.1 56 56s-25.1 56-56 56l-16 0 0 32c0 8.8-7.2 16-16 16s-16-7.2-16-16l0-48 0-80c0-8.8 7.2-16 16-16zm32 80c13.3 0 24-10.7 24-24s-10.7-24-24-24l-16 0 0 48 16 0zm96-80l32 0c26.5 0 48 21.5 48 48l0 64c0 26.5-21.5 48-48 48l-32 0c-8.8 0-16-7.2-16-16l0-128c0-8.8 7.2-16 16-16zm32 128c8.8 0 16-7.2 16-16l0-64c0-8.8-7.2-16-16-16l-16 0 0 96 16 0zm80-112c0-8.8 7.2-16 16-16l48 0c8.8 0 16 7.2 16 16s-7.2 16-16 16l-32 0 0 32 32 0c8.8 0 16 7.2 16 16s-7.2 16-16 16l-32 0 0 48c0 8.8-7.2 16-16 16s-16-7.2-16-16l0-64 0-64z\" \/><\/svg><\/div><\/span><span class=\"stk-block-icon-list-item__text\"><a href=\"https:\/\/portais.santoandre.sp.gov.br\/conselhosaude\/wp-content\/uploads\/sites\/27\/2026\/04\/COMPOSICAO-DAS-COMISSOES-E-REPRESSENTACOES-E-MESA-DIRETORA-2026-31-MAR.pdf\" target=\"_blank\" rel=\"noreferrer noopener\">COMPOSI\u00c7\u00c3O DO CMS 2026<\/a><\/span><\/div><\/li>\n\n\n\n<li class=\"wp-block-stackable-icon-list-item stk-block-icon-list-item stk-block stk-3035f6f\" data-block-id=\"3035f6f\"><div class=\"stk-block-icon-list-item__content\"><span class=\"stk--svg-wrapper\"><div class=\"stk--inner-svg\"><svg xmlns=\"http:\/\/www.w3.org\/2000\/svg\" viewBox=\"0 0 512 512\" aria-hidden=\"true\" width=\"32\" height=\"32\"><path d=\"M64 464l48 0 0 48-48 0c-35.3 0-64-28.7-64-64L0 64C0 28.7 28.7 0 64 0L229.5 0c17 0 33.3 6.7 45.3 18.7l90.5 90.5c12 12 18.7 28.3 18.7 45.3L384 304l-48 0 0-144-80 0c-17.7 0-32-14.3-32-32l0-80L64 48c-8.8 0-16 7.2-16 16l0 384c0 8.8 7.2 16 16 16zM176 352l32 0c30.9 0 56 25.1 56 56s-25.1 56-56 56l-16 0 0 32c0 8.8-7.2 16-16 16s-16-7.2-16-16l0-48 0-80c0-8.8 7.2-16 16-16zm32 80c13.3 0 24-10.7 24-24s-10.7-24-24-24l-16 0 0 48 16 0zm96-80l32 0c26.5 0 48 21.5 48 48l0 64c0 26.5-21.5 48-48 48l-32 0c-8.8 0-16-7.2-16-16l0-128c0-8.8 7.2-16 16-16zm32 128c8.8 0 16-7.2 16-16l0-64c0-8.8-7.2-16-16-16l-16 0 0 96 16 0zm80-112c0-8.8 7.2-16 16-16l48 0c8.8 0 16 7.2 16 16s-7.2 16-16 16l-32 0 0 32 32 0c8.8 0 16 7.2 16 16s-7.2 16-16 16l-32 0 0 48c0 8.8-7.2 16-16 16s-16-7.2-16-16l0-64 0-64z\" \/><\/svg><\/div><\/span><span class=\"stk-block-icon-list-item__text\"><a href=\"https:\/\/portais.santoandre.sp.gov.br\/conselhosaude\/wp-content\/uploads\/sites\/27\/2025\/03\/Conselho-Municipal-da-Saude-Composicao-Jan-24-a-Jan-26-2.pdf\" target=\"_blank\" rel=\"noreferrer noopener\">COMPOSIC\u0327A\u0303O DO CMS 2025<\/a><\/span><\/div><\/li>\n\n\n\n<li class=\"wp-block-stackable-icon-list-item stk-block-icon-list-item stk-block stk-9a57248\" data-block-id=\"9a57248\"><div class=\"stk-block-icon-list-item__content\"><span class=\"stk--svg-wrapper\"><div class=\"stk--inner-svg\"><svg xmlns=\"http:\/\/www.w3.org\/2000\/svg\" viewBox=\"0 0 512 512\" aria-hidden=\"true\" width=\"32\" height=\"32\"><path d=\"M64 464l48 0 0 48-48 0c-35.3 0-64-28.7-64-64L0 64C0 28.7 28.7 0 64 0L229.5 0c17 0 33.3 6.7 45.3 18.7l90.5 90.5c12 12 18.7 28.3 18.7 45.3L384 304l-48 0 0-144-80 0c-17.7 0-32-14.3-32-32l0-80L64 48c-8.8 0-16 7.2-16 16l0 384c0 8.8 7.2 16 16 16zM176 352l32 0c30.9 0 56 25.1 56 56s-25.1 56-56 56l-16 0 0 32c0 8.8-7.2 16-16 16s-16-7.2-16-16l0-48 0-80c0-8.8 7.2-16 16-16zm32 80c13.3 0 24-10.7 24-24s-10.7-24-24-24l-16 0 0 48 16 0zm96-80l32 0c26.5 0 48 21.5 48 48l0 64c0 26.5-21.5 48-48 48l-32 0c-8.8 0-16-7.2-16-16l0-128c0-8.8 7.2-16 16-16zm32 128c8.8 0 16-7.2 16-16l0-64c0-8.8-7.2-16-16-16l-16 0 0 96 16 0zm80-112c0-8.8 7.2-16 16-16l48 0c8.8 0 16 7.2 16 16s-7.2 16-16 16l-32 0 0 32 32 0c8.8 0 16 7.2 16 16s-7.2 16-16 16l-32 0 0 48c0 8.8-7.2 16-16 16s-16-7.2-16-16l0-64 0-64z\" \/><\/svg><\/div><\/span><span class=\"stk-block-icon-list-item__text\"><a href=\"https:\/\/portais.santoandre.sp.gov.br\/conselhosaude\/wp-content\/uploads\/sites\/27\/2025\/03\/COMPOSICAO-DA-MESA-DIRETORA-E-DAS-COMISSOES-CMS-2024-SITE-DA-PREFEITURA-1311.pdf\" data-type=\"link\" data-id=\"https:\/\/portais.santoandre.sp.gov.br\/conselhosaude\/wp-content\/uploads\/sites\/27\/2025\/03\/COMPOSICAO-DA-MESA-DIRETORA-E-DAS-COMISSOES-CMS-2024-SITE-DA-PREFEITURA-1311.pdf\" target=\"_blank\" rel=\"noreferrer noopener\">COMPOSIC\u0327A\u0303O DA MESA DIRETORA E DAS COMISSO\u0303ES CMS 2024<\/a><\/span><\/div><\/li>\n\n\n\n<li class=\"wp-block-stackable-icon-list-item stk-block-icon-list-item stk-block stk-83be7c4\" data-block-id=\"83be7c4\"><div class=\"stk-block-icon-list-item__content\"><span class=\"stk--svg-wrapper\"><div class=\"stk--inner-svg\"><svg xmlns=\"http:\/\/www.w3.org\/2000\/svg\" viewBox=\"0 0 512 512\" aria-hidden=\"true\" width=\"32\" height=\"32\"><path d=\"M64 464l48 0 0 48-48 0c-35.3 0-64-28.7-64-64L0 64C0 28.7 28.7 0 64 0L229.5 0c17 0 33.3 6.7 45.3 18.7l90.5 90.5c12 12 18.7 28.3 18.7 45.3L384 304l-48 0 0-144-80 0c-17.7 0-32-14.3-32-32l0-80L64 48c-8.8 0-16 7.2-16 16l0 384c0 8.8 7.2 16 16 16zM176 352l32 0c30.9 0 56 25.1 56 56s-25.1 56-56 56l-16 0 0 32c0 8.8-7.2 16-16 16s-16-7.2-16-16l0-48 0-80c0-8.8 7.2-16 16-16zm32 80c13.3 0 24-10.7 24-24s-10.7-24-24-24l-16 0 0 48 16 0zm96-80l32 0c26.5 0 48 21.5 48 48l0 64c0 26.5-21.5 48-48 48l-32 0c-8.8 0-16-7.2-16-16l0-128c0-8.8 7.2-16 16-16zm32 128c8.8 0 16-7.2 16-16l0-64c0-8.8-7.2-16-16-16l-16 0 0 96 16 0zm80-112c0-8.8 7.2-16 16-16l48 0c8.8 0 16 7.2 16 16s-7.2 16-16 16l-32 0 0 32 32 0c8.8 0 16 7.2 16 16s-7.2 16-16 16l-32 0 0 48c0 8.8-7.2 16-16 16s-16-7.2-16-16l0-64 0-64z\" \/><\/svg><\/div><\/span><span class=\"stk-block-icon-list-item__text\"><a href=\"https:\/\/portais.santoandre.sp.gov.br\/conselhosaude\/wp-content\/uploads\/sites\/27\/2025\/03\/COMPOSICAO-DO-CONSELHO-MUNICIPAL-DE-SAUDE-2024_.pdf\" target=\"_blank\" rel=\"noreferrer noopener\">COMPOSI\u00c7\u00c3O DO CONSELHO MUNICIPAL DE SA\u00daDE 2024<\/a><\/span><\/div><\/li>\n<\/ul><\/div>\n\n\n\n<p><\/p>\n\n\n\n<p><\/p>\n","protected":false},"excerpt":{"rendered":"<p>Composi\u00e7\u00e3o Mesa Diretora &#8211; Gest\u00e3o 2026\/2028 Silvana Gomes de Araujo Teixeira &#8211; PRESIDENTEBenedito Candido Pires Filho &#8211; VICE PRESIDENTEVanessa Crispim de Araujo &#8211; 1\u00aa SECRET\u00c1RIAIvan Gyurkovits &#8211; 2\u00ba SECRET\u00c1RIA Composi\u00e7\u00e3o das Comiss\u00f5es\/Representa\u00e7\u00f5es &#8211; Gest\u00e3o 2026\/2028 Comiss\u00e3o de Politicas Publicas Kaique Cardoso Vicente &#8211; GESTORCarolina Ap\u00aa. De Andrade &#8211; TRABALHADORMarcia Aparecida Monteiro &#8211; USU\u00c1RIOSAndreia Lima da [&hellip;]<\/p>\n","protected":false},"author":39,"featured_media":0,"parent":0,"menu_order":0,"comment_status":"closed","ping_status":"closed","template":"","meta":{"footnotes":""},"class_list":["post-128","page","type-page","status-publish","hentry"],"_links":{"self":[{"href":"https:\/\/portais.santoandre.sp.gov.br\/conselhosaude\/wp-json\/wp\/v2\/pages\/128","targetHints":{"allow":["GET"]}}],"collection":[{"href":"https:\/\/portais.santoandre.sp.gov.br\/conselhosaude\/wp-json\/wp\/v2\/pages"}],"about":[{"href":"https:\/\/portais.santoandre.sp.gov.br\/conselhosaude\/wp-json\/wp\/v2\/types\/page"}],"author":[{"embeddable":true,"href":"https:\/\/portais.santoandre.sp.gov.br\/conselhosaude\/wp-json\/wp\/v2\/users\/39"}],"replies":[{"embeddable":true,"href":"https:\/\/portais.santoandre.sp.gov.br\/conselhosaude\/wp-json\/wp\/v2\/comments?post=128"}],"version-history":[{"count":9,"href":"https:\/\/portais.santoandre.sp.gov.br\/conselhosaude\/wp-json\/wp\/v2\/pages\/128\/revisions"}],"predecessor-version":[{"id":881,"href":"https:\/\/portais.santoandre.sp.gov.br\/conselhosaude\/wp-json\/wp\/v2\/pages\/128\/revisions\/881"}],"wp:attachment":[{"href":"https:\/\/portais.santoandre.sp.gov.br\/conselhosaude\/wp-json\/wp\/v2\/media?parent=128"}],"curies":[{"name":"wp","href":"https:\/\/api.w.org\/{rel}","templated":true}]}}