{"id":91,"date":"2025-03-31T14:50:51","date_gmt":"2025-03-31T17:50:51","guid":{"rendered":"https:\/\/portais.santoandre.sp.gov.br\/chmsa\/?page_id=91"},"modified":"2025-03-31T14:50:51","modified_gmt":"2025-03-31T17:50:51","slug":"eventos","status":"publish","type":"page","link":"https:\/\/portais.santoandre.sp.gov.br\/chmsa\/eventos\/","title":{"rendered":"Eventos"},"content":{"rendered":"\n<p>Confira o calend\u00e1rio de eventos do Centro Hospitalar Hospitalar Municipal de Santo Andr\u00e9 (<em>certifique-se antes se a atividade \u00e9 aberta ao p\u00fablico em geral<\/em>).<\/p>\n","protected":false},"excerpt":{"rendered":"<p>Confira o calend\u00e1rio de eventos do Centro Hospitalar Hospitalar Municipal de Santo Andr\u00e9 (certifique-se antes se a atividade \u00e9 aberta ao p\u00fablico em geral).<\/p>\n","protected":false},"author":77,"featured_media":0,"parent":0,"menu_order":0,"comment_status":"closed","ping_status":"closed","template":"","meta":{"footnotes":""},"class_list":["post-91","page","type-page","status-publish","hentry"],"_links":{"self":[{"href":"https:\/\/portais.santoandre.sp.gov.br\/chmsa\/wp-json\/wp\/v2\/pages\/91","targetHints":{"allow":["GET"]}}],"collection":[{"href":"https:\/\/portais.santoandre.sp.gov.br\/chmsa\/wp-json\/wp\/v2\/pages"}],"about":[{"href":"https:\/\/portais.santoandre.sp.gov.br\/chmsa\/wp-json\/wp\/v2\/types\/page"}],"author":[{"embeddable":true,"href":"https:\/\/portais.santoandre.sp.gov.br\/chmsa\/wp-json\/wp\/v2\/users\/77"}],"replies":[{"embeddable":true,"href":"https:\/\/portais.santoandre.sp.gov.br\/chmsa\/wp-json\/wp\/v2\/comments?post=91"}],"version-history":[{"count":1,"href":"https:\/\/portais.santoandre.sp.gov.br\/chmsa\/wp-json\/wp\/v2\/pages\/91\/revisions"}],"predecessor-version":[{"id":92,"href":"https:\/\/portais.santoandre.sp.gov.br\/chmsa\/wp-json\/wp\/v2\/pages\/91\/revisions\/92"}],"wp:attachment":[{"href":"https:\/\/portais.santoandre.sp.gov.br\/chmsa\/wp-json\/wp\/v2\/media?parent=91"}],"curies":[{"name":"wp","href":"https:\/\/api.w.org\/{rel}","templated":true}]}}