{"id":81,"date":"2025-03-31T14:49:15","date_gmt":"2025-03-31T17:49:15","guid":{"rendered":"https:\/\/portais.santoandre.sp.gov.br\/chmsa\/?page_id=81"},"modified":"2025-03-31T14:49:15","modified_gmt":"2025-03-31T17:49:15","slug":"mensagem-ao-paciente","status":"publish","type":"page","link":"https:\/\/portais.santoandre.sp.gov.br\/chmsa\/mensagem-ao-paciente\/","title":{"rendered":"Mensagem ao Paciente"},"content":{"rendered":"\n<p>Carinho e aten\u00e7\u00e3o s\u00e3o os melhores rem\u00e9dios para a recupera\u00e7\u00e3o dos internados. Pensando nisso, o CHMSA criou um servi\u00e7o de envio de mensagens aos pacientes pela internet. \u00c9 muito simples, basta preencher os campos abaixo e clicar em enviar. No dia seguinte, ele receber\u00e1 sua mensagem impressa, no quarto ou na enfermaria.<\/p>\n\n\n\n\r\n        \r\n\r\n                <form class=\"wpuf-form-add weforms-82  wpuf-style\" action=\"\" method=\"post\"   id=\"\">\r\n\r\n            <ul class=\"wpuf-form form-label-above\">\r\n\r\n                        <li class=\"wpuf-el seu_nome field-size-large\" data-label=\"Seu nome\">\r\n                    <div class=\"wpuf-label\">\r\n            <label for=\"seu_nome_82\">Seu nome <span class=\"required\">*<\/span><\/label>\r\n        <\/div>\r\n        \r\n            <div class=\"wpuf-fields\">\r\n                <input\r\n                    class=\"textfield wpuf_seu_nome_82\"\r\n                    id=\"seu_nome_82\"\r\n                    type=\"text\"\r\n                    data-duplicate=\"no\"\r\n                    data-required=\"yes\"\r\n                    data-type=\"text\" name=\"seu_nome\"\r\n                    placeholder=\"\"\r\n                    value=\"\"\r\n                    size=\"40\"\r\n                    data-style=\"wpuf-style\"\r\n                \/>\r\n\r\n                <span class=\"wpuf-wordlimit-message wpuf-help\"><\/span>\r\n                            <\/div>\r\n                    <\/li>\r\n                <li class=\"wpuf-el seu_e_mail field-size-large\" data-label=\"Seu e-mail\">\r\n                    <div class=\"wpuf-label\">\r\n            <label for=\"seu_e_mail_82\">Seu e-mail <span class=\"required\">*<\/span><\/label>\r\n        <\/div>\r\n        \r\n            <div class=\"wpuf-fields\">\r\n                <input\r\n                    id=\"seu_e_mail_82\"\r\n                    type=\"email\"\r\n                    class=\"email  wpuf_seu_e_mail_82\"\r\n                    data-duplicate=\"\"\r\n                    data-required=\"yes\"\r\n                    data-type=\"email\"\r\n                    data-style=\"wpuf-style\"\r\n                    name=\"seu_e_mail\"\r\n                    placeholder=\"\"\r\n                    value=\"\"\r\n                    size=\"40\"\r\n                    autocomplete=\"email\"\r\n                \/>\r\n                            <\/div>\r\n        <\/li>\r\n                <li class=\"wpuf-el nome_do_paciente field-size-large\" data-label=\"Nome do paciente\">\r\n                    <div class=\"wpuf-label\">\r\n            <label for=\"nome_do_paciente_82\">Nome do paciente <span class=\"required\">*<\/span><\/label>\r\n        <\/div>\r\n        \r\n            <div class=\"wpuf-fields\">\r\n                <input\r\n                    class=\"textfield wpuf_nome_do_paciente_82\"\r\n                    id=\"nome_do_paciente_82\"\r\n                    type=\"text\"\r\n                    data-duplicate=\"no\"\r\n                    data-required=\"yes\"\r\n                    data-type=\"text\" name=\"nome_do_paciente\"\r\n                    placeholder=\"\"\r\n                    value=\"\"\r\n                    size=\"40\"\r\n                    data-style=\"wpuf-style\"\r\n                \/>\r\n\r\n                <span class=\"wpuf-wordlimit-message wpuf-help\"><\/span>\r\n                            <\/div>\r\n                    <\/li>\r\n                <li class=\"wpuf-el numero_do_leito field-size-large\" data-label=\"N\u00famero do leito\">\r\n                    <div class=\"wpuf-label\">\r\n            <label for=\"numero_do_leito_82\">N\u00famero do leito <span class=\"required\">*<\/span><\/label>\r\n        <\/div>\r\n        \r\n            <div class=\"wpuf-fields\">\r\n                <input\r\n                    class=\"textfield wpuf_numero_do_leito_82\"\r\n                    id=\"numero_do_leito_82\"\r\n                    type=\"text\"\r\n                    data-duplicate=\"no\"\r\n                    data-required=\"yes\"\r\n                    data-type=\"text\" name=\"numero_do_leito\"\r\n                    placeholder=\"\"\r\n                    value=\"\"\r\n                    size=\"40\"\r\n                    data-style=\"wpuf-style\"\r\n                \/>\r\n\r\n                <span class=\"wpuf-wordlimit-message wpuf-help\"><\/span>\r\n                            <\/div>\r\n                    <\/li>\r\n                <li class=\"wpuf-el sua_mensagem field-size-large\" data-label=\"Sua Mensagem\">\r\n                    <div class=\"wpuf-label\">\r\n            <label for=\"sua_mensagem_82\">Sua Mensagem <span class=\"required\">*<\/span><\/label>\r\n        <\/div>\r\n                                    <div class=\"wpuf-fields\">\r\n            \r\n                                    <textarea\r\n                        class=\"textareafield  wpuf_sua_mensagem_82\"\r\n                        id=\"sua_mensagem_82\"\r\n                        name=\"sua_mensagem\"\r\n                        data-required=\"yes\"\r\n                        data-type=\"textarea\"\r\n                        placeholder=\"\"\r\n                        rows=\"5\"\r\n                        cols=\"25\"\r\n                        data-style=\"wpuf-style\"\r\n                    ><\/textarea>\r\n                    <span class=\"wpuf-wordlimit-message wpuf-help\"><\/span>\r\n\r\n                \r\n                        <\/div><\/li>\r\n                <li class=\"wpuf-submit\">\r\n            <div class=\"wpuf-label\">\r\n                &nbsp;\r\n            <\/div>\r\n\r\n            <input type=\"hidden\" id=\"_wpnonce\" name=\"_wpnonce\" value=\"97294eda4f\" \/><input type=\"hidden\" name=\"_wp_http_referer\" value=\"\/chmsa\/wp-json\/wp\/v2\/pages\/81\" \/>\r\n            <input type=\"hidden\" name=\"form_id\" value=\"82\">\r\n            <input type=\"hidden\" name=\"page_id\" value=\"81\">\r\n            <input type=\"hidden\" name=\"action\" value=\"weforms_frontend_submit\">\r\n\r\n                            <input type=\"hidden\" name=\"weforms-front-report\" value=\"no\">\r\n            \r\n            \r\n                            <input type=\"submit\" class=\"weforms_submit_btn wpuf_submit_82\" name=\"submit\" value=\"Enviar\" \/>\r\n                    <\/li>\r\n                <\/ul>\r\n\r\n        <\/form>\r\n                \n\n\n\n<p><\/p>\n","protected":false},"excerpt":{"rendered":"<p>Carinho e aten\u00e7\u00e3o s\u00e3o os melhores rem\u00e9dios para a recupera\u00e7\u00e3o dos internados. Pensando nisso, o CHMSA criou um servi\u00e7o de envio de mensagens aos pacientes pela internet. \u00c9 muito simples, basta preencher os campos abaixo e clicar em enviar. No dia seguinte, ele receber\u00e1 sua mensagem impressa, no quarto ou na enfermaria.<\/p>\n","protected":false},"author":77,"featured_media":0,"parent":0,"menu_order":0,"comment_status":"closed","ping_status":"closed","template":"","meta":{"footnotes":""},"class_list":["post-81","page","type-page","status-publish","hentry"],"_links":{"self":[{"href":"https:\/\/portais.santoandre.sp.gov.br\/chmsa\/wp-json\/wp\/v2\/pages\/81","targetHints":{"allow":["GET"]}}],"collection":[{"href":"https:\/\/portais.santoandre.sp.gov.br\/chmsa\/wp-json\/wp\/v2\/pages"}],"about":[{"href":"https:\/\/portais.santoandre.sp.gov.br\/chmsa\/wp-json\/wp\/v2\/types\/page"}],"author":[{"embeddable":true,"href":"https:\/\/portais.santoandre.sp.gov.br\/chmsa\/wp-json\/wp\/v2\/users\/77"}],"replies":[{"embeddable":true,"href":"https:\/\/portais.santoandre.sp.gov.br\/chmsa\/wp-json\/wp\/v2\/comments?post=81"}],"version-history":[{"count":1,"href":"https:\/\/portais.santoandre.sp.gov.br\/chmsa\/wp-json\/wp\/v2\/pages\/81\/revisions"}],"predecessor-version":[{"id":88,"href":"https:\/\/portais.santoandre.sp.gov.br\/chmsa\/wp-json\/wp\/v2\/pages\/81\/revisions\/88"}],"wp:attachment":[{"href":"https:\/\/portais.santoandre.sp.gov.br\/chmsa\/wp-json\/wp\/v2\/media?parent=81"}],"curies":[{"name":"wp","href":"https:\/\/api.w.org\/{rel}","templated":true}]}}