{"id":75,"date":"2025-03-31T14:39:56","date_gmt":"2025-03-31T17:39:56","guid":{"rendered":"https:\/\/portais.santoandre.sp.gov.br\/chmsa\/?page_id=75"},"modified":"2025-03-31T14:39:56","modified_gmt":"2025-03-31T17:39:56","slug":"cartao-sus","status":"publish","type":"page","link":"https:\/\/portais.santoandre.sp.gov.br\/chmsa\/cartao-sus\/","title":{"rendered":"Cart\u00e3o SUS"},"content":{"rendered":"\n<p>O Cart\u00e3o Nacional de Sa\u00fade (CNS) ou Cart\u00e3o SUS \u00e9 o documento de identifica\u00e7\u00e3o do usu\u00e1rio do SUS e \u00e9 v\u00e1lido em todo o territ\u00f3rio brasileiro. Cont\u00e9m as informa\u00e7\u00f5es dos pacientes do Sistema \u00danico de Sa\u00fade, o que possibilita a cria\u00e7\u00e3o do hist\u00f3rico de atendimento de cada cidad\u00e3o.<\/p>\n\n\n\n<div class=\"wp-block-stackable-image stk-block-image stk-block stk-e10170d\" data-block-id=\"e10170d\"><style>.stk-e10170d .stk-img-wrapper{width:300px !important;}<\/style><figure><span class=\"stk-img-wrapper stk-image--shape-stretch\"><img fetchpriority=\"high\" decoding=\"async\" class=\"stk-img wp-image-76\" src=\"https:\/\/portais.santoandre.sp.gov.br\/chmsa\/wp-content\/uploads\/sites\/29\/2025\/03\/cartao-sus-300x193-1.png\" width=\"300\" height=\"193\" \/><\/span><\/figure><\/div>\n\n\n\n<p>A base de dados do sistema de Sa\u00fade \u00e9 atualizada sempre, permitindo o acompanhamento dos pacientes pelos profissionais de sa\u00fade, em qualquer parte do Pa\u00eds. O Cart\u00e3o SUS agiliza marca\u00e7\u00f5es de consultas e exames, facilita o acesso a medicamentos e \u00e9 um direito de todo cidad\u00e3o!<\/p>\n\n\n\n<p>Os estabelecimentos que est\u00e3o conectados \u00e0 rede de dados da Secretaria de Sa\u00fade da Prefeitura de Santo Andr\u00e9 emitem o Cart\u00e3o SUS. Para facilitar o direito de acesso aos servi\u00e7os, a Secretaria orienta o mun\u00edcipe que necessite do Cart\u00e3o SUS a procurar a Unidade B\u00e1sica de Sa\u00fade mais pr\u00f3xima de sua resid\u00eancia.<\/p>\n\n\n\n<p>\u00c9 necess\u00e1rio apresentar os seguintes documentos: RG, CPF, n\u00famero de PIS\/PASEP (se tiver) e comprovante de endere\u00e7o.<\/p>\n\n\n\n<p><strong>Em caso de perda, como fazer para obter 2\u00aa via do Cart\u00e3o SUS?<\/strong><\/p>\n\n\n\n<p><strong>R:<\/strong>&nbsp;A segunda via do Cart\u00e3o SUS poder\u00e1 ser obtida na mesma unidade de sa\u00fade em que foi feita a primeira. Caso n\u00e3o seja poss\u00edvel identificar o n\u00famero anteriormente atribu\u00eddo, pode ser solicitada a emiss\u00e3o de um novo cart\u00e3o.<\/p>\n","protected":false},"excerpt":{"rendered":"<p>O Cart\u00e3o Nacional de Sa\u00fade (CNS) ou Cart\u00e3o SUS \u00e9 o documento de identifica\u00e7\u00e3o do usu\u00e1rio do SUS e \u00e9 v\u00e1lido em todo o territ\u00f3rio brasileiro. Cont\u00e9m as informa\u00e7\u00f5es dos pacientes do Sistema \u00danico de Sa\u00fade, o que possibilita a cria\u00e7\u00e3o do hist\u00f3rico de atendimento de cada cidad\u00e3o. A base de dados do sistema de [&hellip;]<\/p>\n","protected":false},"author":77,"featured_media":0,"parent":0,"menu_order":0,"comment_status":"closed","ping_status":"closed","template":"","meta":{"footnotes":""},"class_list":["post-75","page","type-page","status-publish","hentry"],"_links":{"self":[{"href":"https:\/\/portais.santoandre.sp.gov.br\/chmsa\/wp-json\/wp\/v2\/pages\/75","targetHints":{"allow":["GET"]}}],"collection":[{"href":"https:\/\/portais.santoandre.sp.gov.br\/chmsa\/wp-json\/wp\/v2\/pages"}],"about":[{"href":"https:\/\/portais.santoandre.sp.gov.br\/chmsa\/wp-json\/wp\/v2\/types\/page"}],"author":[{"embeddable":true,"href":"https:\/\/portais.santoandre.sp.gov.br\/chmsa\/wp-json\/wp\/v2\/users\/77"}],"replies":[{"embeddable":true,"href":"https:\/\/portais.santoandre.sp.gov.br\/chmsa\/wp-json\/wp\/v2\/comments?post=75"}],"version-history":[{"count":1,"href":"https:\/\/portais.santoandre.sp.gov.br\/chmsa\/wp-json\/wp\/v2\/pages\/75\/revisions"}],"predecessor-version":[{"id":77,"href":"https:\/\/portais.santoandre.sp.gov.br\/chmsa\/wp-json\/wp\/v2\/pages\/75\/revisions\/77"}],"wp:attachment":[{"href":"https:\/\/portais.santoandre.sp.gov.br\/chmsa\/wp-json\/wp\/v2\/media?parent=75"}],"curies":[{"name":"wp","href":"https:\/\/api.w.org\/{rel}","templated":true}]}}