{"id":86,"date":"2025-04-16T16:54:46","date_gmt":"2025-04-16T19:54:46","guid":{"rendered":"https:\/\/portais.santoandre.sp.gov.br\/casadotrabalhador\/?page_id=86"},"modified":"2026-04-07T12:35:00","modified_gmt":"2026-04-07T15:35:00","slug":"economia-solidaria","status":"publish","type":"page","link":"https:\/\/portais.santoandre.sp.gov.br\/casadotrabalhador\/economia-solidaria\/","title":{"rendered":"Economia Solid\u00e1ria"},"content":{"rendered":"\t\t<div data-elementor-type=\"wp-page\" data-elementor-id=\"86\" class=\"elementor elementor-86\" data-elementor-post-type=\"page\">\n\t\t\t\t<div class=\"elementor-element elementor-element-d602f29 e-con-full e-flex e-con e-parent\" data-id=\"d602f29\" data-element_type=\"container\" data-e-type=\"container\">\n\t\t\t\t<div class=\"elementor-element elementor-element-8bbb4f3 elementor-widget elementor-widget-image\" data-id=\"8bbb4f3\" data-element_type=\"widget\" data-e-type=\"widget\" data-widget_type=\"image.default\">\n\t\t\t\t<div class=\"elementor-widget-container\">\n\t\t\t\t\t\t\t\t\t\t\t\t\t\t\t<img loading=\"lazy\" decoding=\"async\" width=\"1024\" height=\"521\" src=\"https:\/\/portais.santoandre.sp.gov.br\/casadotrabalhador\/wp-content\/uploads\/sites\/33\/2025\/04\/Incubadora-Publica-de-Economia-Solidaria-1024x521.png\" class=\"attachment-large size-large wp-image-59\" alt=\"\" srcset=\"https:\/\/portais.santoandre.sp.gov.br\/casadotrabalhador\/wp-content\/uploads\/sites\/33\/2025\/04\/Incubadora-Publica-de-Economia-Solidaria-1024x521.png 1024w, https:\/\/portais.santoandre.sp.gov.br\/casadotrabalhador\/wp-content\/uploads\/sites\/33\/2025\/04\/Incubadora-Publica-de-Economia-Solidaria-300x153.png 300w, https:\/\/portais.santoandre.sp.gov.br\/casadotrabalhador\/wp-content\/uploads\/sites\/33\/2025\/04\/Incubadora-Publica-de-Economia-Solidaria-768x391.png 768w, https:\/\/portais.santoandre.sp.gov.br\/casadotrabalhador\/wp-content\/uploads\/sites\/33\/2025\/04\/Incubadora-Publica-de-Economia-Solidaria-1536x781.png 1536w, https:\/\/portais.santoandre.sp.gov.br\/casadotrabalhador\/wp-content\/uploads\/sites\/33\/2025\/04\/Incubadora-Publica-de-Economia-Solidaria-2048x1042.png 2048w\" sizes=\"auto, (max-width: 1024px) 100vw, 1024px\" \/>\t\t\t\t\t\t\t\t\t\t\t\t\t\t\t<\/div>\n\t\t\t\t<\/div>\n\t\t\t\t<\/div>\n\t\t<div class=\"elementor-element elementor-element-ae5cddc e-flex e-con-boxed e-con e-parent\" data-id=\"ae5cddc\" data-element_type=\"container\" data-e-type=\"container\">\n\t\t\t\t\t<div class=\"e-con-inner\">\n\t\t\t\t<div class=\"elementor-element elementor-element-4305208 elementor-widget elementor-widget-spacer\" data-id=\"4305208\" data-element_type=\"widget\" data-e-type=\"widget\" data-widget_type=\"spacer.default\">\n\t\t\t\t<div class=\"elementor-widget-container\">\n\t\t\t\t\t\t\t<div class=\"elementor-spacer\">\n\t\t\t<div class=\"elementor-spacer-inner\"><\/div>\n\t\t<\/div>\n\t\t\t\t\t\t<\/div>\n\t\t\t\t<\/div>\n\t\t\t\t<div class=\"elementor-element elementor-element-9037302 elementor-widget elementor-widget-text-editor\" data-id=\"9037302\" data-element_type=\"widget\" data-e-type=\"widget\" data-widget_type=\"text-editor.default\">\n\t\t\t\t<div class=\"elementor-widget-container\">\n\t\t\t\t\t\t\t\t\t<div><span style=\"color: var( --e-global-color-text );font-family: var( --e-global-typography-text-font-family ), Sans-serif;font-weight: var( --e-global-typography-text-font-weight );font-size: 0.875rem\">A Incubadora P\u00fablica de Economia Solidaria trata-se de uma Pol\u00edtica Municipal de Trabalho para implementa\u00e7\u00e3o de a\u00e7\u00f5es necess\u00e1rias \u00e0 gera\u00e7\u00e3o de novos empreendedores, amplia\u00e7\u00e3o do trabalho aut\u00f4nomo, do trabalho associado, do trabalho decente e ao desenvolvimento da Economia Solid\u00e1ria.<\/span><br \/><span style=\"color: var( --e-global-color-text );font-family: var( --e-global-typography-text-font-family ), Sans-serif;font-weight: var( --e-global-typography-text-font-weight );font-size: 0.875rem\"><br \/><\/span><\/div><h4><strong>Servi\u00e7os oferecidos \u00e0s Empresas\/ Empreendimentos:<\/strong><\/h4><ul><li>Assessoria para elabora\u00e7\u00e3o e implanta\u00e7\u00e3o de planos de neg\u00f3cios;<\/li><li>Forma\u00e7\u00e3o para gest\u00e3o de empreendimentos e neg\u00f3cios com base na economia solid\u00e1ria;<\/li><li>Fomento \u00e0 constitui\u00e7\u00e3o de arranjos produtivos setoriais solid\u00e1rios, \u00e0s redes territoriais e de segmentos e as cadeias produtivas solid\u00e1rias;<\/li><li>Articula\u00e7\u00e3o com o Banco do Povo para facilitar o acesso ao cr\u00e9dito pelos empreendedores;<\/li><li>Apoio \u00e0 comercializa\u00e7\u00e3o dos produtos e servi\u00e7os da economia solid\u00e1ria;<\/li><\/ul><h4><strong>Quando Solicitar\u00a0<\/strong><\/h4><p>A admiss\u00e3o de novos participantes \u00e0 feira ser\u00e1 por chamamento p\u00fablico, onde ser\u00e3o estabelecidas as regras, objetivando dar transpar\u00eancia e publicidade ao processo.<\/p><h4><strong><br \/>Taxas Cobradas<\/strong><\/h4><p>N\u00e3o h\u00e1 taxas para participar do Programa.<\/p><h4><strong>Legisla\u00e7\u00e3o\/Normas<\/strong><\/h4><p>Lei n\u00ba 9.058, de 26 de junho de 2008<br \/>DECRETO N\u00b0 16.635 DE 10 DE ABRIL DE 2015<br \/>DECRETO N\u00ba 15.846 DE 04 DE DEZEMBRO DE 2008<br \/>DECRETO N\u00b0 16.836 DE 25 DE OUTUBRO DE 2016<br \/>LEI\u00a0 N\u00ba 9.407 DE 17 DE MAIO DE 2012<br \/>LEI\u00a0 N\u00ba 9.690 DE 01 DE JUNHO DE 2015<\/p><h4><strong>Requisitos, Documentos e outras informa\u00e7\u00f5es<\/strong><\/h4><ul><li>Apresentar comprovante de resid\u00eancia como morador do Munic\u00edpio de Santo Andr\u00e9<\/li><li>RG e CPF<\/li><li>Segmento de Alimenta\u00e7\u00e3o e Artesanato<\/li><\/ul><p>N\u00e3o poder\u00e1 se inscrever no Programa Funcion\u00e1rio P\u00fablico.<\/p><h5><strong>Hor\u00e1rios e Endere\u00e7os da Incubadora<\/strong><\/h5><p>Loja do Shopping Atrium (Rua Giovanni Battista Pirelli, 155 &#8211; Vila Homero Thon) &#8211; hor\u00e1rio de funcionamento do shopping<br \/>Feira da Incubadora P\u00fablica de Economia Solid\u00e1ria (Pra\u00e7a do Carmo) &#8211; ter\u00e7a e quinta, das 08h \u00e0s 15h (artesanato e alimenta\u00e7\u00e3o)<\/p><h5><strong>Informa\u00e7\u00f5es<\/strong><\/h5><p><strong>Whatsapp: <\/strong>4459-7270\/4459-7273<strong><br \/>E-mail: <\/strong>incubadora@santoandre.sp.gov.br<\/p>\t\t\t\t\t\t\t\t<\/div>\n\t\t\t\t<\/div>\n\t\t\t\t\t<\/div>\n\t\t\t\t<\/div>\n\t\t\t\t<\/div>\n\t\t","protected":false},"excerpt":{"rendered":"<p>A Incubadora P\u00fablica de Economia Solidaria trata-se de uma Pol\u00edtica Municipal de Trabalho para implementa\u00e7\u00e3o de a\u00e7\u00f5es necess\u00e1rias \u00e0 gera\u00e7\u00e3o de novos empreendedores, amplia\u00e7\u00e3o do trabalho aut\u00f4nomo, do trabalho associado, do trabalho decente e ao desenvolvimento da Economia Solid\u00e1ria. Servi\u00e7os oferecidos \u00e0s Empresas\/ Empreendimentos: Assessoria para elabora\u00e7\u00e3o e implanta\u00e7\u00e3o de planos de neg\u00f3cios; Forma\u00e7\u00e3o para [&hellip;]<\/p>\n","protected":false},"author":82,"featured_media":0,"parent":0,"menu_order":0,"comment_status":"closed","ping_status":"closed","template":"","meta":{"footnotes":""},"class_list":["post-86","page","type-page","status-publish","hentry"],"_links":{"self":[{"href":"https:\/\/portais.santoandre.sp.gov.br\/casadotrabalhador\/wp-json\/wp\/v2\/pages\/86","targetHints":{"allow":["GET"]}}],"collection":[{"href":"https:\/\/portais.santoandre.sp.gov.br\/casadotrabalhador\/wp-json\/wp\/v2\/pages"}],"about":[{"href":"https:\/\/portais.santoandre.sp.gov.br\/casadotrabalhador\/wp-json\/wp\/v2\/types\/page"}],"author":[{"embeddable":true,"href":"https:\/\/portais.santoandre.sp.gov.br\/casadotrabalhador\/wp-json\/wp\/v2\/users\/82"}],"replies":[{"embeddable":true,"href":"https:\/\/portais.santoandre.sp.gov.br\/casadotrabalhador\/wp-json\/wp\/v2\/comments?post=86"}],"version-history":[{"count":25,"href":"https:\/\/portais.santoandre.sp.gov.br\/casadotrabalhador\/wp-json\/wp\/v2\/pages\/86\/revisions"}],"predecessor-version":[{"id":4845,"href":"https:\/\/portais.santoandre.sp.gov.br\/casadotrabalhador\/wp-json\/wp\/v2\/pages\/86\/revisions\/4845"}],"wp:attachment":[{"href":"https:\/\/portais.santoandre.sp.gov.br\/casadotrabalhador\/wp-json\/wp\/v2\/media?parent=86"}],"curies":[{"name":"wp","href":"https:\/\/api.w.org\/{rel}","templated":true}]}}

Economia Solidária

<div data-elementor-type="wp-page" data-elementor-id="86" class="elementor elementor-86" data-elementor-post-type="page">
				<div class="elementor-element elementor-element-d602f29 e-con-full e-flex e-con e-parent" data-id="d602f29" data-element_type="container" data-e-type="container">
				<div class="elementor-element elementor-element-8bbb4f3 elementor-widget elementor-widget-image" data-id="8bbb4f3" data-element_type="widget" data-e-type="widget" data-widget_type="image.default">
				<div class="elementor-widget-container">
															<img loading="lazy" decoding="async" width="1024" height="521" src="https://portais.santoandre.sp.gov.br/casadotrabalhador/wp-content/uploads/sites/33/2025/04/Incubadora-Publica-de-Economia-Solidaria-1024x521.png" class="attachment-large size-large wp-image-59" alt="" srcset="https://portais.santoandre.sp.gov.br/casadotrabalhador/wp-content/uploads/sites/33/2025/04/Incubadora-Publica-de-Economia-Solidaria-1024x521.png 1024w, https://portais.santoandre.sp.gov.br/casadotrabalhador/wp-content/uploads/sites/33/2025/04/Incubadora-Publica-de-Economia-Solidaria-300x153.png 300w, https://portais.santoandre.sp.gov.br/casadotrabalhador/wp-content/uploads/sites/33/2025/04/Incubadora-Publica-de-Economia-Solidaria-768x391.png 768w, https://portais.santoandre.sp.gov.br/casadotrabalhador/wp-content/uploads/sites/33/2025/04/Incubadora-Publica-de-Economia-Solidaria-1536x781.png 1536w, https://portais.santoandre.sp.gov.br/casadotrabalhador/wp-content/uploads/sites/33/2025/04/Incubadora-Publica-de-Economia-Solidaria-2048x1042.png 2048w" sizes="auto, (max-width: 1024px) 100vw, 1024px" />															</div>
				</div>
				</div>
		<div class="elementor-element elementor-element-ae5cddc e-flex e-con-boxed e-con e-parent" data-id="ae5cddc" data-element_type="container" data-e-type="container">
					<div class="e-con-inner">
				<div class="elementor-element elementor-element-4305208 elementor-widget elementor-widget-spacer" data-id="4305208" data-element_type="widget" data-e-type="widget" data-widget_type="spacer.default">
				<div class="elementor-widget-container">
							<div class="elementor-spacer">
			<div class="elementor-spacer-inner"></div>
		</div>
						</div>
				</div>
				<div class="elementor-element elementor-element-9037302 elementor-widget elementor-widget-text-editor" data-id="9037302" data-element_type="widget" data-e-type="widget" data-widget_type="text-editor.default">
				<div class="elementor-widget-container">
									<div><span style="color: var( --e-global-color-text );font-family: var( --e-global-typography-text-font-family ), Sans-serif;font-weight: var( --e-global-typography-text-font-weight );font-size: 0.875rem">A Incubadora Pública de Economia Solidaria trata-se de uma Política Municipal de Trabalho para implementação de ações necessárias à geração de novos empreendedores, ampliação do trabalho autônomo, do trabalho associado, do trabalho decente e ao desenvolvimento da Economia Solidária.</span><br /><span style="color: var( --e-global-color-text );font-family: var( --e-global-typography-text-font-family ), Sans-serif;font-weight: var( --e-global-typography-text-font-weight );font-size: 0.875rem"><br /></span></div><h4><strong>Serviços oferecidos às Empresas/ Empreendimentos:</strong></h4><ul><li>Assessoria para elaboração e implantação de planos de negócios;</li><li>Formação para gestão de empreendimentos e negócios com base na economia solidária;</li><li>Fomento à constituição de arranjos produtivos setoriais solidários, às redes territoriais e de segmentos e as cadeias produtivas solidárias;</li><li>Articulação com o Banco do Povo para facilitar o acesso ao crédito pelos empreendedores;</li><li>Apoio à comercialização dos produtos e serviços da economia solidária;</li></ul><h4><strong>Quando Solicitar </strong></h4><p>A admissão de novos participantes à feira será por chamamento público, onde serão estabelecidas as regras, objetivando dar transparência e publicidade ao processo.</p><h4><strong><br />Taxas Cobradas</strong></h4><p>Não há taxas para participar do Programa.</p><h4><strong>Legislação/Normas</strong></h4><p>Lei nº 9.058, de 26 de junho de 2008<br />DECRETO N° 16.635 DE 10 DE ABRIL DE 2015<br />DECRETO Nº 15.846 DE 04 DE DEZEMBRO DE 2008<br />DECRETO N° 16.836 DE 25 DE OUTUBRO DE 2016<br />LEI  Nº 9.407 DE 17 DE MAIO DE 2012<br />LEI  Nº 9.690 DE 01 DE JUNHO DE 2015</p><h4><strong>Requisitos, Documentos e outras informações</strong></h4><ul><li>Apresentar comprovante de residência como morador do Município de Santo André</li><li>RG e CPF</li><li>Segmento de Alimentação e Artesanato</li></ul><p>Não poderá se inscrever no Programa Funcionário Público.</p><h5><strong>Horários e Endereços da Incubadora</strong></h5><p>Loja do Shopping Atrium (Rua Giovanni Battista Pirelli, 155 &#8211; Vila Homero Thon) &#8211; horário de funcionamento do shopping<br />Feira da Incubadora Pública de Economia Solidária (Praça do Carmo) &#8211; terça e quinta, das 08h às 15h (artesanato e alimentação)</p><h5><strong>Informações</strong></h5><p><strong>Whatsapp: </strong>4459-7270/4459-7273<strong><br />E-mail: </strong>incubadora@santoandre.sp.gov.br</p>								</div>
				</div>
					</div>
				</div>
				</div>

<p>A Incubadora Pública de Economia Solidaria trata-se de uma Política Municipal de Trabalho para implementação de ações necessárias à geração de novos empreendedores, ampliação do trabalho autônomo, do trabalho associado, do trabalho decente e ao desenvolvimento da Economia Solidária. Serviços oferecidos às Empresas/ Empreendimentos: Assessoria para elaboração e implantação de planos de negócios; Formação para [&hellip;]</p>
