{"id":82,"date":"2025-04-16T16:54:19","date_gmt":"2025-04-16T19:54:19","guid":{"rendered":"https:\/\/portais.santoandre.sp.gov.br\/casadotrabalhador\/?page_id=82"},"modified":"2025-12-03T11:25:50","modified_gmt":"2025-12-03T14:25:50","slug":"prefeitura-presente-rumo-ao-emprego","status":"publish","type":"page","link":"https:\/\/portais.santoandre.sp.gov.br\/casadotrabalhador\/prefeitura-presente-rumo-ao-emprego\/","title":{"rendered":"Prefeitura Presente: Rumo ao Emprego"},"content":{"rendered":"\t\t<div data-elementor-type=\"wp-page\" data-elementor-id=\"82\" class=\"elementor elementor-82\" data-elementor-post-type=\"page\">\n\t\t\t\t<div class=\"elementor-element elementor-element-93dda6a e-con-full e-flex e-con e-parent\" data-id=\"93dda6a\" data-element_type=\"container\" data-e-type=\"container\">\n\t\t\t\t<div class=\"elementor-element elementor-element-67c0524 elementor-widget elementor-widget-image\" data-id=\"67c0524\" data-element_type=\"widget\" data-e-type=\"widget\" data-widget_type=\"image.default\">\n\t\t\t\t<div class=\"elementor-widget-container\">\n\t\t\t\t\t\t\t\t\t\t\t\t\t\t\t<img loading=\"lazy\" decoding=\"async\" width=\"2560\" height=\"886\" src=\"https:\/\/portais.santoandre.sp.gov.br\/casadotrabalhador\/wp-content\/uploads\/sites\/33\/2025\/05\/AF-Logo-Rumo-ao-Emprego_Prancheta-1-scaled.png\" class=\"attachment-full size-full wp-image-1301\" alt=\"\" srcset=\"https:\/\/portais.santoandre.sp.gov.br\/casadotrabalhador\/wp-content\/uploads\/sites\/33\/2025\/05\/AF-Logo-Rumo-ao-Emprego_Prancheta-1-scaled.png 2560w, https:\/\/portais.santoandre.sp.gov.br\/casadotrabalhador\/wp-content\/uploads\/sites\/33\/2025\/05\/AF-Logo-Rumo-ao-Emprego_Prancheta-1-300x104.png 300w, https:\/\/portais.santoandre.sp.gov.br\/casadotrabalhador\/wp-content\/uploads\/sites\/33\/2025\/05\/AF-Logo-Rumo-ao-Emprego_Prancheta-1-1024x354.png 1024w, https:\/\/portais.santoandre.sp.gov.br\/casadotrabalhador\/wp-content\/uploads\/sites\/33\/2025\/05\/AF-Logo-Rumo-ao-Emprego_Prancheta-1-768x266.png 768w, https:\/\/portais.santoandre.sp.gov.br\/casadotrabalhador\/wp-content\/uploads\/sites\/33\/2025\/05\/AF-Logo-Rumo-ao-Emprego_Prancheta-1-1536x532.png 1536w, https:\/\/portais.santoandre.sp.gov.br\/casadotrabalhador\/wp-content\/uploads\/sites\/33\/2025\/05\/AF-Logo-Rumo-ao-Emprego_Prancheta-1-2048x709.png 2048w\" sizes=\"auto, (max-width: 2560px) 100vw, 2560px\" \/>\t\t\t\t\t\t\t\t\t\t\t\t\t\t\t<\/div>\n\t\t\t\t<\/div>\n\t\t\t\t<\/div>\n\t\t<div class=\"elementor-element elementor-element-fb6b1eb e-flex e-con-boxed e-con e-parent\" data-id=\"fb6b1eb\" data-element_type=\"container\" data-e-type=\"container\">\n\t\t\t\t\t<div class=\"e-con-inner\">\n\t\t\t\t<div class=\"elementor-element elementor-element-82b5553 elementor-widget elementor-widget-text-editor\" data-id=\"82b5553\" data-element_type=\"widget\" data-e-type=\"widget\" data-widget_type=\"text-editor.default\">\n\t\t\t\t<div class=\"elementor-widget-container\">\n\t\t\t\t\t\t\t\t\t<p data-start=\"0\" data-end=\"489\">O <em data-start=\"2\" data-end=\"19\">Rumo ao Emprego<\/em> \u00e9 uma iniciativa da Prefeitura de Santo Andr\u00e9 que leva os servi\u00e7os do CPETR (Centro P\u00fablico de Emprego e Renda) at\u00e9 os CRAS (Centros de Refer\u00eancia em Assist\u00eancia Social), aproximando as oportunidades de trabalho das regi\u00f5es mais vulner\u00e1veis da cidade. A a\u00e7\u00e3o permite que os participantes recebam encaminhamentos para entrevistas, cadastrem e melhorem seus curr\u00edculos, aprendam a usar ferramentas digitais de emprego e participem de oficinas de capacita\u00e7\u00e3o profissional.<\/p>\t\t\t\t\t\t\t\t<\/div>\n\t\t\t\t<\/div>\n\t\t\t\t\t<\/div>\n\t\t\t\t<\/div>\n\t\t<div class=\"elementor-element elementor-element-5f80751 e-flex e-con-boxed e-con e-parent\" data-id=\"5f80751\" data-element_type=\"container\" data-e-type=\"container\">\n\t\t\t\t\t<div class=\"e-con-inner\">\n\t\t\t\t<div class=\"elementor-element elementor-element-1a4f92f elementor-widget elementor-widget-spacer\" data-id=\"1a4f92f\" data-element_type=\"widget\" data-e-type=\"widget\" data-widget_type=\"spacer.default\">\n\t\t\t\t<div class=\"elementor-widget-container\">\n\t\t\t\t\t\t\t<div class=\"elementor-spacer\">\n\t\t\t<div class=\"elementor-spacer-inner\"><\/div>\n\t\t<\/div>\n\t\t\t\t\t\t<\/div>\n\t\t\t\t<\/div>\n\t\t\t\t\t<\/div>\n\t\t\t\t<\/div>\n\t\t\t\t<\/div>\n\t\t","protected":false},"excerpt":{"rendered":"<p>O Rumo ao Emprego \u00e9 uma iniciativa da Prefeitura de Santo Andr\u00e9 que leva os servi\u00e7os do CPETR (Centro P\u00fablico de Emprego e Renda) at\u00e9 os CRAS (Centros de Refer\u00eancia em Assist\u00eancia Social), aproximando as oportunidades de trabalho das regi\u00f5es mais vulner\u00e1veis da cidade. A a\u00e7\u00e3o permite que os participantes recebam encaminhamentos para entrevistas, cadastrem [&hellip;]<\/p>\n","protected":false},"author":82,"featured_media":0,"parent":0,"menu_order":0,"comment_status":"closed","ping_status":"closed","template":"","meta":{"footnotes":""},"class_list":["post-82","page","type-page","status-publish","hentry"],"_links":{"self":[{"href":"https:\/\/portais.santoandre.sp.gov.br\/casadotrabalhador\/wp-json\/wp\/v2\/pages\/82","targetHints":{"allow":["GET"]}}],"collection":[{"href":"https:\/\/portais.santoandre.sp.gov.br\/casadotrabalhador\/wp-json\/wp\/v2\/pages"}],"about":[{"href":"https:\/\/portais.santoandre.sp.gov.br\/casadotrabalhador\/wp-json\/wp\/v2\/types\/page"}],"author":[{"embeddable":true,"href":"https:\/\/portais.santoandre.sp.gov.br\/casadotrabalhador\/wp-json\/wp\/v2\/users\/82"}],"replies":[{"embeddable":true,"href":"https:\/\/portais.santoandre.sp.gov.br\/casadotrabalhador\/wp-json\/wp\/v2\/comments?post=82"}],"version-history":[{"count":11,"href":"https:\/\/portais.santoandre.sp.gov.br\/casadotrabalhador\/wp-json\/wp\/v2\/pages\/82\/revisions"}],"predecessor-version":[{"id":1442,"href":"https:\/\/portais.santoandre.sp.gov.br\/casadotrabalhador\/wp-json\/wp\/v2\/pages\/82\/revisions\/1442"}],"wp:attachment":[{"href":"https:\/\/portais.santoandre.sp.gov.br\/casadotrabalhador\/wp-json\/wp\/v2\/media?parent=82"}],"curies":[{"name":"wp","href":"https:\/\/api.w.org\/{rel}","templated":true}]}}

<div data-elementor-type="wp-page" data-elementor-id="82" class="elementor elementor-82" data-elementor-post-type="page">
				<div class="elementor-element elementor-element-93dda6a e-con-full e-flex e-con e-parent" data-id="93dda6a" data-element_type="container" data-e-type="container">
				<div class="elementor-element elementor-element-67c0524 elementor-widget elementor-widget-image" data-id="67c0524" data-element_type="widget" data-e-type="widget" data-widget_type="image.default">
				<div class="elementor-widget-container">
															<img loading="lazy" decoding="async" width="2560" height="886" src="https://portais.santoandre.sp.gov.br/casadotrabalhador/wp-content/uploads/sites/33/2025/05/AF-Logo-Rumo-ao-Emprego_Prancheta-1-scaled.png" class="attachment-full size-full wp-image-1301" alt="" srcset="https://portais.santoandre.sp.gov.br/casadotrabalhador/wp-content/uploads/sites/33/2025/05/AF-Logo-Rumo-ao-Emprego_Prancheta-1-scaled.png 2560w, https://portais.santoandre.sp.gov.br/casadotrabalhador/wp-content/uploads/sites/33/2025/05/AF-Logo-Rumo-ao-Emprego_Prancheta-1-300x104.png 300w, https://portais.santoandre.sp.gov.br/casadotrabalhador/wp-content/uploads/sites/33/2025/05/AF-Logo-Rumo-ao-Emprego_Prancheta-1-1024x354.png 1024w, https://portais.santoandre.sp.gov.br/casadotrabalhador/wp-content/uploads/sites/33/2025/05/AF-Logo-Rumo-ao-Emprego_Prancheta-1-768x266.png 768w, https://portais.santoandre.sp.gov.br/casadotrabalhador/wp-content/uploads/sites/33/2025/05/AF-Logo-Rumo-ao-Emprego_Prancheta-1-1536x532.png 1536w, https://portais.santoandre.sp.gov.br/casadotrabalhador/wp-content/uploads/sites/33/2025/05/AF-Logo-Rumo-ao-Emprego_Prancheta-1-2048x709.png 2048w" sizes="auto, (max-width: 2560px) 100vw, 2560px" />															</div>
				</div>
				</div>
		<div class="elementor-element elementor-element-fb6b1eb e-flex e-con-boxed e-con e-parent" data-id="fb6b1eb" data-element_type="container" data-e-type="container">
					<div class="e-con-inner">
				<div class="elementor-element elementor-element-82b5553 elementor-widget elementor-widget-text-editor" data-id="82b5553" data-element_type="widget" data-e-type="widget" data-widget_type="text-editor.default">
				<div class="elementor-widget-container">
									<p data-start="0" data-end="489">O <em data-start="2" data-end="19">Rumo ao Emprego</em> é uma iniciativa da Prefeitura de Santo André que leva os serviços do CPETR (Centro Público de Emprego e Renda) até os CRAS (Centros de Referência em Assistência Social), aproximando as oportunidades de trabalho das regiões mais vulneráveis da cidade. A ação permite que os participantes recebam encaminhamentos para entrevistas, cadastrem e melhorem seus currículos, aprendam a usar ferramentas digitais de emprego e participem de oficinas de capacitação profissional.</p>								</div>
				</div>
					</div>
				</div>
		<div class="elementor-element elementor-element-5f80751 e-flex e-con-boxed e-con e-parent" data-id="5f80751" data-element_type="container" data-e-type="container">
					<div class="e-con-inner">
				<div class="elementor-element elementor-element-1a4f92f elementor-widget elementor-widget-spacer" data-id="1a4f92f" data-element_type="widget" data-e-type="widget" data-widget_type="spacer.default">
				<div class="elementor-widget-container">
							<div class="elementor-spacer">
			<div class="elementor-spacer-inner"></div>
		</div>
						</div>
				</div>
					</div>
				</div>
				</div>

<p>O Rumo ao Emprego é uma iniciativa da Prefeitura de Santo André que leva os serviços do CPETR (Centro Público de Emprego e Renda) até os CRAS (Centros de Referência em Assistência Social), aproximando as oportunidades de trabalho das regiões mais vulneráveis da cidade. A ação permite que os participantes recebam encaminhamentos para entrevistas, cadastrem [&hellip;]</p>
