{"id":72,"date":"2025-04-16T16:52:56","date_gmt":"2025-04-16T19:52:56","guid":{"rendered":"https:\/\/portais.santoandre.sp.gov.br\/casadotrabalhador\/?page_id=72"},"modified":"2025-12-03T11:24:57","modified_gmt":"2025-12-03T14:24:57","slug":"cadastre-seu-curriculo","status":"publish","type":"page","link":"https:\/\/portais.santoandre.sp.gov.br\/casadotrabalhador\/cadastre-seu-curriculo\/","title":{"rendered":"Cadastre seu curr\u00edculo"},"content":{"rendered":"\t\t<div data-elementor-type=\"wp-page\" data-elementor-id=\"72\" class=\"elementor elementor-72\" data-elementor-post-type=\"page\">\n\t\t\t\t<div class=\"elementor-element elementor-element-e72aae3 e-flex e-con-boxed e-con e-parent\" data-id=\"e72aae3\" data-element_type=\"container\" data-e-type=\"container\">\n\t\t\t\t\t<div class=\"e-con-inner\">\n\t\t\t\t<div class=\"elementor-element elementor-element-f0864b6 elementor-widget elementor-widget-image\" data-id=\"f0864b6\" data-element_type=\"widget\" data-e-type=\"widget\" data-widget_type=\"image.default\">\n\t\t\t\t<div class=\"elementor-widget-container\">\n\t\t\t\t\t\t\t\t\t\t\t\t\t\t\t<img loading=\"lazy\" decoding=\"async\" width=\"1024\" height=\"360\" src=\"https:\/\/portais.santoandre.sp.gov.br\/casadotrabalhador\/wp-content\/uploads\/sites\/33\/2025\/04\/Casa-Topo-Cadas-Curr-1024x360.png\" class=\"attachment-large size-large wp-image-534\" alt=\"\" srcset=\"https:\/\/portais.santoandre.sp.gov.br\/casadotrabalhador\/wp-content\/uploads\/sites\/33\/2025\/04\/Casa-Topo-Cadas-Curr-1024x360.png 1024w, https:\/\/portais.santoandre.sp.gov.br\/casadotrabalhador\/wp-content\/uploads\/sites\/33\/2025\/04\/Casa-Topo-Cadas-Curr-300x105.png 300w, https:\/\/portais.santoandre.sp.gov.br\/casadotrabalhador\/wp-content\/uploads\/sites\/33\/2025\/04\/Casa-Topo-Cadas-Curr-768x270.png 768w, https:\/\/portais.santoandre.sp.gov.br\/casadotrabalhador\/wp-content\/uploads\/sites\/33\/2025\/04\/Casa-Topo-Cadas-Curr-1536x540.png 1536w, https:\/\/portais.santoandre.sp.gov.br\/casadotrabalhador\/wp-content\/uploads\/sites\/33\/2025\/04\/Casa-Topo-Cadas-Curr.png 1863w\" sizes=\"auto, (max-width: 1024px) 100vw, 1024px\" \/>\t\t\t\t\t\t\t\t\t\t\t\t\t\t\t<\/div>\n\t\t\t\t<\/div>\n\t\t\t\t\t<\/div>\n\t\t\t\t<\/div>\n\t\t<div class=\"elementor-element elementor-element-22ac609f e-flex e-con-boxed e-con e-parent\" data-id=\"22ac609f\" data-element_type=\"container\" data-e-type=\"container\">\n\t\t\t\t\t<div class=\"e-con-inner\">\n\t\t\t\t<div class=\"elementor-element elementor-element-21000742 elementor-widget elementor-widget-text-editor\" data-id=\"21000742\" data-element_type=\"widget\" data-e-type=\"widget\" data-widget_type=\"text-editor.default\">\n\t\t\t\t<div class=\"elementor-widget-container\">\n\t\t\t\t\t\t\t\t\t\n<div class=\"wp-block-image is-style-rounded\">\n<figure class=\"aligncenter size-large is-resized\"><strong>CADASTRE SEU CURR\u00cdCULO DE FORMA 100% DIGITAL<\/strong><\/figure>\n<\/div>\n<p>\u00a0<\/p>\n<ul>\n<li>Por meio do atendimento presencial no Centro P\u00fablico de Emprego Trabalho e Renda (CPETR) \u2013 Pra\u00e7a IV Centen\u00e1rio, T\u00e9rreo I, de segunda \u00e0 sexta.\u00a0<\/li>\n<li>Portal Gov.br pelo site\u00a0<a href=\"https:\/\/servicos.mte.gov.br\/\" target=\"_blank\" rel=\"noreferrer noopener\">https:\/\/servicos.mte.gov.br\/<\/a><\/li>\n<li>Aplicativo Carteira de Trabalho Digital<\/li>\n<\/ul>\n<p><strong><br \/>Download do aplicativo Carteira de Trabalho Digital<\/strong><br \/><strong><a href=\"https:\/\/play.google.com\/store\/apps\/details?id=br.gov.dataprev.carteiradigital\">Android e\u00a0<\/a><\/strong><strong><a href=\"https:\/\/apps.apple.com\/br\/app\/ctps-digital\/id1295257499\">iOS<\/a><\/strong><\/p>\n\t\t\t\t\t\t\t\t<\/div>\n\t\t\t\t<\/div>\n\t\t\t\t\t<\/div>\n\t\t\t\t<\/div>\n\t\t\t\t<\/div>\n\t\t","protected":false},"excerpt":{"rendered":"<p>CADASTRE SEU CURR\u00cdCULO DE FORMA 100% DIGITAL \u00a0 Por meio do atendimento presencial no Centro P\u00fablico de Emprego Trabalho e Renda (CPETR) \u2013 Pra\u00e7a IV Centen\u00e1rio, T\u00e9rreo I, de segunda \u00e0 sexta.\u00a0 Portal Gov.br pelo site\u00a0https:\/\/servicos.mte.gov.br\/ Aplicativo Carteira de Trabalho Digital Download do aplicativo Carteira de Trabalho DigitalAndroid e\u00a0iOS<\/p>\n","protected":false},"author":82,"featured_media":0,"parent":0,"menu_order":0,"comment_status":"closed","ping_status":"closed","template":"","meta":{"footnotes":""},"class_list":["post-72","page","type-page","status-publish","hentry"],"_links":{"self":[{"href":"https:\/\/portais.santoandre.sp.gov.br\/casadotrabalhador\/wp-json\/wp\/v2\/pages\/72","targetHints":{"allow":["GET"]}}],"collection":[{"href":"https:\/\/portais.santoandre.sp.gov.br\/casadotrabalhador\/wp-json\/wp\/v2\/pages"}],"about":[{"href":"https:\/\/portais.santoandre.sp.gov.br\/casadotrabalhador\/wp-json\/wp\/v2\/types\/page"}],"author":[{"embeddable":true,"href":"https:\/\/portais.santoandre.sp.gov.br\/casadotrabalhador\/wp-json\/wp\/v2\/users\/82"}],"replies":[{"embeddable":true,"href":"https:\/\/portais.santoandre.sp.gov.br\/casadotrabalhador\/wp-json\/wp\/v2\/comments?post=72"}],"version-history":[{"count":13,"href":"https:\/\/portais.santoandre.sp.gov.br\/casadotrabalhador\/wp-json\/wp\/v2\/pages\/72\/revisions"}],"predecessor-version":[{"id":1175,"href":"https:\/\/portais.santoandre.sp.gov.br\/casadotrabalhador\/wp-json\/wp\/v2\/pages\/72\/revisions\/1175"}],"wp:attachment":[{"href":"https:\/\/portais.santoandre.sp.gov.br\/casadotrabalhador\/wp-json\/wp\/v2\/media?parent=72"}],"curies":[{"name":"wp","href":"https:\/\/api.w.org\/{rel}","templated":true}]}}