{"id":196,"date":"2025-04-16T18:46:41","date_gmt":"2025-04-16T21:46:41","guid":{"rendered":"https:\/\/portais.santoandre.sp.gov.br\/casadotrabalhador\/?page_id=196"},"modified":"2025-04-16T18:49:26","modified_gmt":"2025-04-16T21:49:26","slug":"feira-de-economia-criativa","status":"publish","type":"page","link":"https:\/\/portais.santoandre.sp.gov.br\/casadotrabalhador\/feira-de-economia-criativa\/","title":{"rendered":"Feira de Economia Criativa"},"content":{"rendered":"\t\t<div data-elementor-type=\"wp-page\" data-elementor-id=\"196\" class=\"elementor elementor-196\" data-elementor-post-type=\"page\">\n\t\t\t\t<div class=\"elementor-element elementor-element-80d97c9 e-flex e-con-boxed e-con e-parent\" data-id=\"80d97c9\" data-element_type=\"container\" data-e-type=\"container\">\n\t\t\t\t\t<div class=\"e-con-inner\">\n\t\t\t\t<div class=\"elementor-element elementor-element-e512fe8 elementor-widget elementor-widget-image\" data-id=\"e512fe8\" data-element_type=\"widget\" data-e-type=\"widget\" data-widget_type=\"image.default\">\n\t\t\t\t<div class=\"elementor-widget-container\">\n\t\t\t\t\t\t\t\t\t\t\t\t\t\t\t<img loading=\"lazy\" decoding=\"async\" width=\"309\" height=\"153\" src=\"https:\/\/portais.santoandre.sp.gov.br\/casadotrabalhador\/wp-content\/uploads\/sites\/33\/2025\/04\/logo-Feira-de-Economia-Criativa-horizontal.jpg\" class=\"attachment-large size-large wp-image-199\" alt=\"\" srcset=\"https:\/\/portais.santoandre.sp.gov.br\/casadotrabalhador\/wp-content\/uploads\/sites\/33\/2025\/04\/logo-Feira-de-Economia-Criativa-horizontal.jpg 309w, https:\/\/portais.santoandre.sp.gov.br\/casadotrabalhador\/wp-content\/uploads\/sites\/33\/2025\/04\/logo-Feira-de-Economia-Criativa-horizontal-300x149.jpg 300w\" sizes=\"auto, (max-width: 309px) 100vw, 309px\" \/>\t\t\t\t\t\t\t\t\t\t\t\t\t\t\t<\/div>\n\t\t\t\t<\/div>\n\t\t\t\t\t<\/div>\n\t\t\t\t<\/div>\n\t\t<div class=\"elementor-element elementor-element-ef3f637 e-flex e-con-boxed e-con e-parent\" data-id=\"ef3f637\" data-element_type=\"container\" data-e-type=\"container\">\n\t\t\t\t\t<div class=\"e-con-inner\">\n\t\t\t\t<div class=\"elementor-element elementor-element-13f19c1 elementor-widget elementor-widget-spacer\" data-id=\"13f19c1\" data-element_type=\"widget\" data-e-type=\"widget\" data-widget_type=\"spacer.default\">\n\t\t\t\t<div class=\"elementor-widget-container\">\n\t\t\t\t\t\t\t<div class=\"elementor-spacer\">\n\t\t\t<div class=\"elementor-spacer-inner\"><\/div>\n\t\t<\/div>\n\t\t\t\t\t\t<\/div>\n\t\t\t\t<\/div>\n\t\t\t\t\t<\/div>\n\t\t\t\t<\/div>\n\t\t<div class=\"elementor-element elementor-element-4a9a418 e-flex e-con-boxed e-con e-parent\" data-id=\"4a9a418\" data-element_type=\"container\" data-e-type=\"container\">\n\t\t\t\t\t<div class=\"e-con-inner\">\n\t\t\t\t<div class=\"elementor-element elementor-element-ecd85d1 elementor-widget elementor-widget-text-editor\" data-id=\"ecd85d1\" data-element_type=\"widget\" data-e-type=\"widget\" data-widget_type=\"text-editor.default\">\n\t\t\t\t<div class=\"elementor-widget-container\">\n\t\t\t\t\t\t\t\t\t<div class=\"wp-block-image\"><figure><\/figure><p><span style=\"color: var( --e-global-color-text );font-family: var( --e-global-typography-text-font-family ), Sans-serif;font-weight: var( --e-global-typography-text-font-weight );font-size: 0.875rem\">A Feira de Economia Criativa de Santo Andr\u00e9 tem por finalidade divulgar e comercializar artes, plantas ornamentais, artesanatos, produtos naturais, comidas e bebidas t\u00edpicas e trabalhos esot\u00e9ricos materializadas nas suas mais diversas maneiras, pelas m\u00e3os de artistas e artes\u00e3os. Comercializadas e instaladas em \u00e1reas p\u00fablicas apropriadas, abertas ao p\u00fablico.<br \/><br \/><\/span><\/p><\/div><h5><strong>Quando solicitar<\/strong><\/h5><p>A admiss\u00e3o de novos participantes \u00e0 feira ser\u00e1 por chamamento p\u00fablico, onde ser\u00e3o estabelecidas as regras, objetivando dar transpar\u00eancia e publicidade ao processo.<\/p><p>As inscri\u00e7\u00f5es para o pr\u00f3ximo Chamamento P\u00fablico se encerraram no dia 02 de maio de 2023. <a href=\"https:\/\/www3.santoandre.sp.gov.br\/portaldoempreendedor\/wp-content\/uploads\/2023\/06\/Resultado-do-Edital-de-Chamamento-no-004_2023-_-Feira-de-Economia-Criativa.pdf\"><strong>Confira o edital dos aprovados aqui.<\/strong><\/a><\/p><h5><strong><br \/>Taxas Cobradas<\/strong><\/h5><p>Ao expositor credenciado ser\u00e1 cobrado pre\u00e7o p\u00fablico, a ser pago em parcela \u00fanica anual para uso do espa\u00e7o e comercializa\u00e7\u00e3o dos produtos.<\/p><h5><strong><br \/>Legisla\u00e7\u00e3o\/Normas<\/strong><\/h5><p>Decreto 17.472 de 02 de setembro de 2020.<\/p><h5><strong><br \/>Requisitos, Documentos e outras informa\u00e7\u00f5es<\/strong><\/h5><ul><li>Ser\u00e3o credenciadas para a Feira de Economia Criativa de Santo Andr\u00e9 pessoas f\u00edsicas, absolutamente capazes, bem como aquelas que adquiriram capacidade nos termos do art. 5\u00ba da Lei Federal n\u00ba 10.406, de 10 de janeiro de 2002, que instituiu o C\u00f3digo Civil.<\/li><li>Atestado de sa\u00fade (n\u00e3o portador de doen\u00e7as de pele ou infecto-contagiosas). para os casos de comidas e bebidas t\u00edpicas)<\/li><li>N\u00e3o \u00e9 permitido para pessoas jur\u00eddicas de qualquer natureza ou pessoas f\u00edsicas propriet\u00e1rias ou acionistas de empresas com fins comerciais<\/li><li>Os produtos ser\u00e3o avaliados pela Comiss\u00e3o de Avalia\u00e7\u00e3o conforme os crit\u00e9rios -Apresenta\u00e7\u00e3o; Qualidade; Acabamento; Produ\u00e7\u00e3o artesanal; e Sustentabilidade, sendo comercializados ap\u00f3s aprova\u00e7\u00e3o pela CAE.<br \/><br \/><\/li><\/ul><h5><strong>Hor\u00e1rios e Endere\u00e7os da Feira Criativa \u00a0<\/strong><\/h5><p>Pra\u00e7a do Carmo: quartas, sextas-feiras e\u00a0s\u00e1bados, das 9h a 15h.<br \/>Pra\u00e7a IV Centen\u00e1rio (espelho d\u2019\u00e1gua): quarta-feira, das 9h a 16h<br \/>Pra\u00e7a Embaixador Pedro de Toledo (Cal\u00e7ad\u00e3o Cel. Oliveira Lima com a Rua Luiz Pinto Fl\u00e1quer (Largo da Est\u00e1tua): s\u00e1bados, das 9h as 16h (exposi\u00e7\u00e3o de quadros)<br \/>Parque Antonio Fl\u00e1quer (Parque do Ipiranguinha) Rua Cel. Seabra s\/n: domingos, das 9h as 15h<br \/>Parque Regional da Crian\u00e7a \u2013 Palha\u00e7o Estrimilique, Av. Itamarati, n\u00ba 536:\u00a0domingos, das 9h as 16h<br \/><br \/><\/p><h5><strong>Informa\u00e7\u00f5es<\/strong><\/h5><p>Telefone : 4459-7270<\/p>\t\t\t\t\t\t\t\t<\/div>\n\t\t\t\t<\/div>\n\t\t\t\t\t<\/div>\n\t\t\t\t<\/div>\n\t\t\t\t<\/div>\n\t\t","protected":false},"excerpt":{"rendered":"<p>A Feira de Economia Criativa de Santo Andr\u00e9 tem por finalidade divulgar e comercializar artes, plantas ornamentais, artesanatos, produtos naturais, comidas e bebidas t\u00edpicas e trabalhos esot\u00e9ricos materializadas nas suas mais diversas maneiras, pelas m\u00e3os de artistas e artes\u00e3os. Comercializadas e instaladas em \u00e1reas p\u00fablicas apropriadas, abertas ao p\u00fablico. Quando solicitar A admiss\u00e3o de novos [&hellip;]<\/p>\n","protected":false},"author":82,"featured_media":0,"parent":0,"menu_order":0,"comment_status":"closed","ping_status":"closed","template":"","meta":{"footnotes":""},"class_list":["post-196","page","type-page","status-publish","hentry"],"_links":{"self":[{"href":"https:\/\/portais.santoandre.sp.gov.br\/casadotrabalhador\/wp-json\/wp\/v2\/pages\/196","targetHints":{"allow":["GET"]}}],"collection":[{"href":"https:\/\/portais.santoandre.sp.gov.br\/casadotrabalhador\/wp-json\/wp\/v2\/pages"}],"about":[{"href":"https:\/\/portais.santoandre.sp.gov.br\/casadotrabalhador\/wp-json\/wp\/v2\/types\/page"}],"author":[{"embeddable":true,"href":"https:\/\/portais.santoandre.sp.gov.br\/casadotrabalhador\/wp-json\/wp\/v2\/users\/82"}],"replies":[{"embeddable":true,"href":"https:\/\/portais.santoandre.sp.gov.br\/casadotrabalhador\/wp-json\/wp\/v2\/comments?post=196"}],"version-history":[{"count":8,"href":"https:\/\/portais.santoandre.sp.gov.br\/casadotrabalhador\/wp-json\/wp\/v2\/pages\/196\/revisions"}],"predecessor-version":[{"id":205,"href":"https:\/\/portais.santoandre.sp.gov.br\/casadotrabalhador\/wp-json\/wp\/v2\/pages\/196\/revisions\/205"}],"wp:attachment":[{"href":"https:\/\/portais.santoandre.sp.gov.br\/casadotrabalhador\/wp-json\/wp\/v2\/media?parent=196"}],"curies":[{"name":"wp","href":"https:\/\/api.w.org\/{rel}","templated":true}]}}

<div data-elementor-type="wp-page" data-elementor-id="196" class="elementor elementor-196" data-elementor-post-type="page">
				<div class="elementor-element elementor-element-80d97c9 e-flex e-con-boxed e-con e-parent" data-id="80d97c9" data-element_type="container" data-e-type="container">
					<div class="e-con-inner">
				<div class="elementor-element elementor-element-e512fe8 elementor-widget elementor-widget-image" data-id="e512fe8" data-element_type="widget" data-e-type="widget" data-widget_type="image.default">
				<div class="elementor-widget-container">
															<img loading="lazy" decoding="async" width="309" height="153" src="https://portais.santoandre.sp.gov.br/casadotrabalhador/wp-content/uploads/sites/33/2025/04/logo-Feira-de-Economia-Criativa-horizontal.jpg" class="attachment-large size-large wp-image-199" alt="" srcset="https://portais.santoandre.sp.gov.br/casadotrabalhador/wp-content/uploads/sites/33/2025/04/logo-Feira-de-Economia-Criativa-horizontal.jpg 309w, https://portais.santoandre.sp.gov.br/casadotrabalhador/wp-content/uploads/sites/33/2025/04/logo-Feira-de-Economia-Criativa-horizontal-300x149.jpg 300w" sizes="auto, (max-width: 309px) 100vw, 309px" />															</div>
				</div>
					</div>
				</div>
		<div class="elementor-element elementor-element-ef3f637 e-flex e-con-boxed e-con e-parent" data-id="ef3f637" data-element_type="container" data-e-type="container">
					<div class="e-con-inner">
				<div class="elementor-element elementor-element-13f19c1 elementor-widget elementor-widget-spacer" data-id="13f19c1" data-element_type="widget" data-e-type="widget" data-widget_type="spacer.default">
				<div class="elementor-widget-container">
							<div class="elementor-spacer">
			<div class="elementor-spacer-inner"></div>
		</div>
						</div>
				</div>
					</div>
				</div>
		<div class="elementor-element elementor-element-4a9a418 e-flex e-con-boxed e-con e-parent" data-id="4a9a418" data-element_type="container" data-e-type="container">
					<div class="e-con-inner">
				<div class="elementor-element elementor-element-ecd85d1 elementor-widget elementor-widget-text-editor" data-id="ecd85d1" data-element_type="widget" data-e-type="widget" data-widget_type="text-editor.default">
				<div class="elementor-widget-container">
									<div class="wp-block-image"><figure></figure><p><span style="color: var( --e-global-color-text );font-family: var( --e-global-typography-text-font-family ), Sans-serif;font-weight: var( --e-global-typography-text-font-weight );font-size: 0.875rem">A Feira de Economia Criativa de Santo André tem por finalidade divulgar e comercializar artes, plantas ornamentais, artesanatos, produtos naturais, comidas e bebidas típicas e trabalhos esotéricos materializadas nas suas mais diversas maneiras, pelas mãos de artistas e artesãos. Comercializadas e instaladas em áreas públicas apropriadas, abertas ao público.<br /><br /></span></p></div><h5><strong>Quando solicitar</strong></h5><p>A admissão de novos participantes à feira será por chamamento público, onde serão estabelecidas as regras, objetivando dar transparência e publicidade ao processo.</p><p>As inscrições para o próximo Chamamento Público se encerraram no dia 02 de maio de 2023. <a href="https://www3.santoandre.sp.gov.br/portaldoempreendedor/wp-content/uploads/2023/06/Resultado-do-Edital-de-Chamamento-no-004_2023-_-Feira-de-Economia-Criativa.pdf"><strong>Confira o edital dos aprovados aqui.</strong></a></p><h5><strong><br />Taxas Cobradas</strong></h5><p>Ao expositor credenciado será cobrado preço público, a ser pago em parcela única anual para uso do espaço e comercialização dos produtos.</p><h5><strong><br />Legislação/Normas</strong></h5><p>Decreto 17.472 de 02 de setembro de 2020.</p><h5><strong><br />Requisitos, Documentos e outras informações</strong></h5><ul><li>Serão credenciadas para a Feira de Economia Criativa de Santo André pessoas físicas, absolutamente capazes, bem como aquelas que adquiriram capacidade nos termos do art. 5º da Lei Federal nº 10.406, de 10 de janeiro de 2002, que instituiu o Código Civil.</li><li>Atestado de saúde (não portador de doenças de pele ou infecto-contagiosas). para os casos de comidas e bebidas típicas)</li><li>Não é permitido para pessoas jurídicas de qualquer natureza ou pessoas físicas proprietárias ou acionistas de empresas com fins comerciais</li><li>Os produtos serão avaliados pela Comissão de Avaliação conforme os critérios -Apresentação; Qualidade; Acabamento; Produção artesanal; e Sustentabilidade, sendo comercializados após aprovação pela CAE.<br /><br /></li></ul><h5><strong>Horários e Endereços da Feira Criativa  </strong></h5><p>Praça do Carmo: quartas, sextas-feiras e sábados, das 9h a 15h.<br />Praça IV Centenário (espelho d’água): quarta-feira, das 9h a 16h<br />Praça Embaixador Pedro de Toledo (Calçadão Cel. Oliveira Lima com a Rua Luiz Pinto Fláquer (Largo da Estátua): sábados, das 9h as 16h (exposição de quadros)<br />Parque Antonio Fláquer (Parque do Ipiranguinha) Rua Cel. Seabra s/n: domingos, das 9h as 15h<br />Parque Regional da Criança – Palhaço Estrimilique, Av. Itamarati, nº 536: domingos, das 9h as 16h<br /><br /></p><h5><strong>Informações</strong></h5><p>Telefone : 4459-7270</p>								</div>
				</div>
					</div>
				</div>
				</div>

<p>A Feira de Economia Criativa de Santo André tem por finalidade divulgar e comercializar artes, plantas ornamentais, artesanatos, produtos naturais, comidas e bebidas típicas e trabalhos esotéricos materializadas nas suas mais diversas maneiras, pelas mãos de artistas e artesãos. Comercializadas e instaladas em áreas públicas apropriadas, abertas ao público. Quando solicitar A admissão de novos [&hellip;]</p>
